CRAN Package Check Results for Package Plasmidprofiler

Last updated on 2020-06-04 02:48:10 CEST.

Flavor Version Tinstall Tcheck Ttotal Status Flags
r-devel-linux-x86_64-debian-clang 0.1.6 7.46 59.02 66.48 NOTE
r-devel-linux-x86_64-debian-gcc 0.1.6 5.31 51.11 56.42 NOTE
r-devel-linux-x86_64-fedora-clang 0.1.6 86.40 NOTE
r-devel-linux-x86_64-fedora-gcc 0.1.6 76.94 NOTE
r-devel-windows-ix86+x86_64 0.1.6 29.00 84.00 113.00 OK
r-patched-linux-x86_64 0.1.6 7.04 58.99 66.03 NOTE
r-patched-solaris-x86 0.1.6 113.50 NOTE
r-release-linux-x86_64 0.1.6 6.47 57.15 63.62 NOTE
r-release-osx-x86_64 0.1.6 OK
r-release-windows-ix86+x86_64 0.1.6 18.00 73.00 91.00 OK
r-oldrel-osx-x86_64 0.1.6 OK
r-oldrel-windows-ix86+x86_64 0.1.6 24.00 111.00 135.00 OK

Check Details

Version: 0.1.6
Check: for non-standard things in the check directory
Result: NOTE
    Found the following files/directories:
     'P2Run.csv' 'P2Run.html' 'P2Run.png'
Flavors: r-devel-linux-x86_64-debian-clang, r-devel-linux-x86_64-debian-gcc, r-devel-linux-x86_64-fedora-clang, r-devel-linux-x86_64-fedora-gcc, r-patched-linux-x86_64, r-release-linux-x86_64

Version: 0.1.6
Check: for non-standard things in the check directory
Result: NOTE
    Found the following files/directories:
     ‘P2Run.csv’ ‘P2Run.png’
Flavor: r-patched-solaris-x86