CRAN Package Check Results for Package Plasmode

Last updated on 2020-06-03 01:50:54 CEST.

Flavor Version Tinstall Tcheck Ttotal Status Flags
r-devel-linux-x86_64-debian-clang 0.1.0 8.78 65.37 74.15 OK
r-devel-linux-x86_64-debian-gcc 0.1.0 7.35 50.81 58.16 OK
r-devel-linux-x86_64-fedora-clang 0.1.0 98.26 NOTE
r-devel-linux-x86_64-fedora-gcc 0.1.0 87.57 NOTE
r-devel-windows-ix86+x86_64 0.1.0 25.00 140.00 165.00 OK
r-patched-linux-x86_64 0.1.0 8.36 65.08 73.44 OK
r-patched-solaris-x86 0.1.0 131.60 NOTE
r-release-linux-x86_64 0.1.0 8.29 65.34 73.63 OK
r-release-osx-x86_64 0.1.0 NOTE
r-release-windows-ix86+x86_64 0.1.0 18.00 84.00 102.00 OK
r-oldrel-osx-x86_64 0.1.0 NOTE
r-oldrel-windows-ix86+x86_64 0.1.0 15.00 67.00 82.00 OK

Check Details

Version: 0.1.0
Check: dependencies in R code
Result: NOTE
    Namespaces in Imports field not imported from:
     ‘MASS’ ‘Matrix’ ‘RColorBrewer’ ‘arm’ ‘epiDisplay’ ‘foreign’ ‘gbm’
     ‘grid’ ‘lattice’ ‘latticeExtra’ ‘lme4’ ‘nnet’ ‘parallel’ ‘splines’
     ‘survey’ ‘twang’ ‘xtable’
     All declared Imports should be used.
Flavors: r-devel-linux-x86_64-fedora-clang, r-devel-linux-x86_64-fedora-gcc, r-patched-solaris-x86, r-release-osx-x86_64, r-oldrel-osx-x86_64