CRAN Package Check Results for Package PointedSDMs

Last updated on 2024-02-21 07:52:37 CET.

Flavor Version Tinstall Tcheck Ttotal Status Flags
r-devel-linux-x86_64-debian-clang 1.3.2 NOTE
r-devel-linux-x86_64-debian-gcc 1.3.2 37.03 310.73 347.76 NOTE
r-devel-linux-x86_64-fedora-clang 1.3.2 660.70 OK
r-devel-linux-x86_64-fedora-gcc 1.3.2 639.91 OK
r-devel-windows-x86_64 1.3.2 35.00 318.00 353.00 OK
r-patched-linux-x86_64 1.3.2 37.48 414.80 452.28 NOTE
r-release-linux-x86_64 1.3.2 29.93 409.26 439.19 NOTE
r-release-macos-arm64 1.3.2 193.00 NOTE
r-release-macos-x86_64 1.3.2 320.00 NOTE
r-release-windows-x86_64 1.3.2 49.00 357.00 406.00 NOTE
r-oldrel-macos-arm64 1.3.2 147.00 NOTE
r-oldrel-windows-x86_64 1.3.2 49.00 362.00 411.00 NOTE

Check Details

Version: 1.3.2
Check: package dependencies
Result: NOTE Package suggested but not available for checking: ‘INLA’ Flavors: r-devel-linux-x86_64-debian-clang, r-devel-linux-x86_64-debian-gcc, r-patched-linux-x86_64, r-release-linux-x86_64, r-release-macos-arm64, r-release-macos-x86_64, r-release-windows-x86_64, r-oldrel-macos-arm64, r-oldrel-windows-x86_64

Version: 1.3.2
Check: Rd cross-references
Result: NOTE Package unavailable to check Rd xrefs: ‘INLA’ Flavors: r-devel-linux-x86_64-debian-clang, r-devel-linux-x86_64-debian-gcc, r-patched-linux-x86_64, r-release-linux-x86_64, r-release-macos-arm64, r-release-macos-x86_64, r-release-windows-x86_64, r-oldrel-macos-arm64, r-oldrel-windows-x86_64