Last updated on 2023-02-06 00:52:39 CET.
Flavor | Version | Tinstall | Tcheck | Ttotal | Status | Flags |
---|---|---|---|---|---|---|
r-devel-linux-x86_64-debian-clang | 0.1.3 | 233.30 | 121.00 | 354.30 | NOTE | |
r-devel-linux-x86_64-debian-gcc | 0.1.3 | 211.48 | 98.63 | 310.11 | NOTE | |
r-devel-linux-x86_64-fedora-clang | 0.1.3 | 453.42 | NOTE | |||
r-devel-linux-x86_64-fedora-gcc | 0.1.3 | 510.21 | NOTE | |||
r-devel-windows-x86_64 | 0.1.3 | 192.00 | 195.00 | 387.00 | NOTE | |
r-patched-linux-x86_64 | 0.1.3 | 226.86 | 128.39 | 355.25 | NOTE | |
r-release-linux-x86_64 | 0.1.3 | 203.96 | 127.13 | 331.09 | NOTE | |
r-release-macos-arm64 | 0.1.3 | 138.00 | NOTE | |||
r-release-macos-x86_64 | 0.1.3 | 175.00 | NOTE | |||
r-release-windows-x86_64 | 0.1.3 | 177.00 | 211.00 | 388.00 | NOTE | |
r-oldrel-macos-arm64 | 0.1.3 | 100.00 | NOTE | |||
r-oldrel-macos-x86_64 | 0.1.3 | 169.00 | NOTE | |||
r-oldrel-windows-ix86+x86_64 | 0.1.3 | 529.00 | 247.00 | 776.00 | NOTE |
Version: 0.1.3
Check: C++ specification
Result: NOTE
Specified C++14: please update to current default of C++17
Flavors: r-devel-linux-x86_64-debian-clang, r-devel-linux-x86_64-debian-gcc, r-devel-linux-x86_64-fedora-clang, r-devel-linux-x86_64-fedora-gcc, r-devel-windows-x86_64
Version: 0.1.3
Check: for GNU extensions in Makefiles
Result: NOTE
GNU make is a SystemRequirements.
Flavors: r-devel-linux-x86_64-debian-clang, r-devel-linux-x86_64-debian-gcc, r-devel-linux-x86_64-fedora-clang, r-devel-linux-x86_64-fedora-gcc, r-devel-windows-x86_64, r-patched-linux-x86_64, r-release-linux-x86_64, r-release-macos-arm64, r-release-macos-x86_64, r-release-windows-x86_64, r-oldrel-macos-arm64, r-oldrel-macos-x86_64, r-oldrel-windows-ix86+x86_64
Version: 0.1.3
Check: dependencies in R code
Result: NOTE
Namespace in Imports field not imported from: ‘rstantools’
All declared Imports should be used.
Flavors: r-devel-linux-x86_64-fedora-clang, r-devel-linux-x86_64-fedora-gcc, r-release-macos-arm64, r-release-macos-x86_64, r-oldrel-macos-arm64, r-oldrel-macos-x86_64
Version: 0.1.3
Check: installed package size
Result: NOTE
installed size is 42.2Mb
sub-directories of 1Mb or more:
libs 41.9Mb
Flavors: r-release-macos-arm64, r-release-macos-x86_64, r-oldrel-macos-arm64, r-oldrel-macos-x86_64, r-oldrel-windows-ix86+x86_64