CRAN Package Check Results for Package PopED

Last updated on 2020-02-28 00:48:04 CET.

Flavor Version Tinstall Tcheck Ttotal Status Flags
r-devel-linux-x86_64-debian-clang 0.4.0 23.57 437.26 460.83 NOTE
r-devel-linux-x86_64-debian-gcc 0.4.0 18.51 309.29 327.80 NOTE
r-devel-linux-x86_64-fedora-clang 0.4.0 512.88 NOTE
r-devel-linux-x86_64-fedora-gcc 0.4.0 500.51 NOTE
r-devel-windows-ix86+x86_64 0.4.0 34.00 403.00 437.00 OK
r-devel-windows-ix86+x86_64-gcc8 0.4.0 32.00 415.00 447.00 OK
r-patched-linux-x86_64 0.4.0 19.93 382.11 402.04 OK
r-patched-solaris-x86 0.4.0 598.10 NOTE
r-release-linux-x86_64 0.4.0 22.06 379.95 402.01 OK
r-release-windows-ix86+x86_64 0.4.0 30.00 392.00 422.00 OK
r-release-osx-x86_64 0.4.0 NOTE
r-oldrel-windows-ix86+x86_64 0.4.0 24.00 442.00 466.00 OK
r-oldrel-osx-x86_64 0.4.0 NOTE

Check Details

Version: 0.4.0
Check: for non-standard things in the check directory
Result: NOTE
    Found the following files/directories:
     'PopED_output_summary_D_cont_opt_1.txt' 'PopED_output_summary_RS.txt'
     'PopED_output_summary_mfea_opt_1.txt' 'test.csv'
Flavors: r-devel-linux-x86_64-debian-clang, r-devel-linux-x86_64-debian-gcc, r-devel-linux-x86_64-fedora-clang, r-devel-linux-x86_64-fedora-gcc

Version: 0.4.0
Check: dependencies in R code
Result: NOTE
    Namespace in Imports field not imported from: ‘tidyr’
     All declared Imports should be used.
Flavors: r-devel-linux-x86_64-fedora-clang, r-devel-linux-x86_64-fedora-gcc, r-patched-solaris-x86, r-release-osx-x86_64, r-oldrel-osx-x86_64