Last updated on 2023-02-07 00:54:26 CET.
Flavor | Version | Tinstall | Tcheck | Ttotal | Status | Flags |
---|---|---|---|---|---|---|
r-devel-linux-x86_64-debian-clang | 1.8 | 13.14 | 99.07 | 112.21 | OK | |
r-devel-linux-x86_64-debian-gcc | 1.8 | 12.11 | 72.97 | 85.08 | OK | |
r-devel-linux-x86_64-fedora-clang | 1.8 | 149.23 | NOTE | |||
r-devel-linux-x86_64-fedora-gcc | 1.8 | 148.31 | OK | |||
r-devel-windows-x86_64 | 1.8 | 106.00 | 182.00 | 288.00 | NOTE | |
r-patched-linux-x86_64 | 1.8 | 14.30 | 91.82 | 106.12 | OK | |
r-release-linux-x86_64 | 1.8 | 13.70 | 92.29 | 105.99 | OK | |
r-release-macos-arm64 | 1.8 | 45.00 | NOTE | |||
r-release-macos-x86_64 | 1.8 | 87.00 | NOTE | |||
r-release-windows-x86_64 | 1.8 | 402.00 | 195.00 | 597.00 | NOTE | |
r-oldrel-macos-arm64 | 1.8 | 69.00 | NOTE | |||
r-oldrel-macos-x86_64 | 1.8 | 78.00 | NOTE | |||
r-oldrel-windows-ix86+x86_64 | 1.8 | 34.00 | 133.00 | 167.00 | NOTE |
Version: 1.8
Check: installed package size
Result: NOTE
installed size is 6.4Mb
sub-directories of 1Mb or more:
java 5.1Mb
Flavors: r-devel-linux-x86_64-fedora-clang, r-devel-windows-x86_64, r-release-macos-arm64, r-release-macos-x86_64, r-release-windows-x86_64, r-oldrel-macos-arm64, r-oldrel-macos-x86_64, r-oldrel-windows-ix86+x86_64