CRAN Package Check Results for Package PosteriorBootstrap

Last updated on 2020-06-03 01:50:54 CEST.

Flavor Version Tinstall Tcheck Ttotal Status Flags
r-devel-linux-x86_64-debian-clang 0.1.0 4.48 592.38 596.86 OK
r-devel-linux-x86_64-debian-gcc 0.1.0 3.69 439.62 443.31 OK
r-devel-linux-x86_64-fedora-clang 0.1.0 702.91 NOTE
r-devel-linux-x86_64-fedora-gcc 0.1.0 732.84 NOTE
r-devel-windows-ix86+x86_64 0.1.0 12.00 57.00 69.00 OK
r-patched-linux-x86_64 0.1.0 3.50 580.01 583.51 OK
r-patched-solaris-x86 0.1.0 1207.00 NOTE
r-release-linux-x86_64 0.1.0 3.88 587.16 591.04 OK
r-release-osx-x86_64 0.1.0 NOTE
r-release-windows-ix86+x86_64 0.1.0 9.00 42.00 51.00 OK
r-oldrel-osx-x86_64 0.1.0 NOTE
r-oldrel-windows-ix86+x86_64 0.1.0 8.00 41.00 49.00 OK

Check Details

Version: 0.1.0
Check: dependencies in R code
Result: NOTE
    Namespaces in Imports field not imported from:
     ‘Rcpp’ ‘StanHeaders’ ‘dplyr’ ‘ggplot2’ ‘gridExtra’ ‘rstan’ ‘tibble’
     All declared Imports should be used.
Flavors: r-devel-linux-x86_64-fedora-clang, r-devel-linux-x86_64-fedora-gcc, r-patched-solaris-x86, r-release-osx-x86_64, r-oldrel-osx-x86_64