CRAN Package Check Results for Package PowerTOST

Last updated on 2020-04-08 01:49:06 CEST.

Flavor Version Tinstall Tcheck Ttotal Status Flags
r-devel-linux-x86_64-debian-clang 1.4-9 15.90 92.03 107.93 OK --no-vignettes
r-devel-linux-x86_64-debian-gcc 1.4-9 10.65 69.38 80.03 OK --no-vignettes
r-devel-linux-x86_64-fedora-clang 1.4-9 1028.03 WARN
r-devel-linux-x86_64-fedora-gcc 1.4-9 992.12 OK
r-devel-windows-ix86+x86_64 1.4-9 23.00 135.00 158.00 OK --no-vignettes
r-devel-windows-ix86+x86_64-gcc8 1.4-9 21.00 95.00 116.00 OK --no-vignettes
r-patched-linux-x86_64 1.4-9 12.87 90.28 103.15 OK --no-vignettes
r-patched-solaris-x86 1.4-9 1780.80 OK
r-release-linux-x86_64 1.4-9 12.46 82.75 95.21 OK --no-vignettes
r-release-windows-ix86+x86_64 1.4-9 20.00 124.00 144.00 OK --no-vignettes
r-release-osx-x86_64 1.4-9 OK
r-oldrel-windows-ix86+x86_64 1.4-9 23.00 86.00 109.00 OK --no-vignettes
r-oldrel-osx-x86_64 1.4-9 OK

Check Details

Version: 1.4-9
Check: re-building of vignette outputs
Result: WARN
    Error(s) in re-building vignettes:
    --- re-building ‘ABE.Rmd’ using rmarkdown
    --- finished re-building ‘ABE.Rmd’
    
    --- re-building ‘DP.Rmd’ using rmarkdown
    --- finished re-building ‘DP.Rmd’
    
    --- re-building ‘NI.Rmd’ using rmarkdown
    --- finished re-building ‘NI.Rmd’
    
    --- re-building ‘PA.Rmd’ using rmarkdown
    --- finished re-building ‘PA.Rmd’
    
    Warning: elapsed-time limit of 30 minutes reached for sub-process
    --- re-building ‘RSABE.Rmd’ using rmarkdown
    
    Execution halted
    --- re-building ‘vignette.Rmd’ using rmarkdown
    --- finished re-building ‘vignette.Rmd’
    
    SUMMARY: processing the following file failed:
     ‘RSABE.Rmd’
    
    Error: Vignette re-building failed.
    Execution halted
Flavor: r-devel-linux-x86_64-fedora-clang