CRAN Package Check Results for Package PriceIndices

Last updated on 2024-06-13 06:58:13 CEST.

Flavor Version Tinstall Tcheck Ttotal Status Flags
r-devel-linux-x86_64-debian-clang 0.1.9 23.74 190.81 214.55 OK
r-devel-linux-x86_64-debian-gcc 0.1.9 0.53 1.91 2.44 ERROR
r-devel-linux-x86_64-fedora-clang 0.1.9 269.27 OK
r-devel-linux-x86_64-fedora-gcc 0.1.9 264.28 OK
r-devel-windows-x86_64 0.1.9 24.00 177.00 201.00 OK
r-patched-linux-x86_64 0.1.9 21.92 180.40 202.32 OK
r-release-linux-x86_64 0.1.9 18.36 180.99 199.35 OK
r-release-macos-arm64 0.1.9 67.00 OK
r-release-macos-x86_64 0.1.9 106.00 OK
r-release-windows-x86_64 0.1.9 23.00 184.00 207.00 OK
r-oldrel-macos-arm64 0.1.9 70.00 OK
r-oldrel-macos-x86_64 0.1.9 191.00 OK
r-oldrel-windows-x86_64 0.1.9 33.00 216.00 249.00 OK

Check Details

Version: 0.1.9
Check: package dependencies
Result: ERROR Packages required but not available: 'lubridate', 'dplyr', 'ggplot2', 'stringr', 'caret', 'strex' Package suggested but not available for checking: ‘testthat’ See section ‘The DESCRIPTION file’ in the ‘Writing R Extensions’ manual. Flavor: r-devel-linux-x86_64-debian-gcc