CRAN Package Check Results for Package ProFound

Last updated on 2020-08-13 01:55:16 CEST.

Flavor Version Tinstall Tcheck Ttotal Status Flags
r-devel-linux-x86_64-debian-clang 1.3.4 38.83 82.50 121.33 OK
r-devel-linux-x86_64-debian-gcc 1.3.4 26.40 63.37 89.77 OK
r-devel-linux-x86_64-fedora-clang 1.3.4 160.93 OK
r-devel-linux-x86_64-fedora-gcc 1.3.4 145.46 OK
r-devel-windows-ix86+x86_64 1.3.4 86.00 170.00 256.00 NOTE
r-patched-linux-x86_64 1.3.4 31.02 80.89 111.91 OK
r-patched-solaris-x86 1.3.4 179.60 OK
r-release-linux-x86_64 1.3.4 30.04 81.53 111.57 OK
r-release-macos-x86_64 1.3.4 OK
r-release-windows-ix86+x86_64 1.3.4 88.00 161.00 249.00 NOTE
r-oldrel-macos-x86_64 1.3.4 NOTE
r-oldrel-windows-ix86+x86_64 1.3.4 56.00 111.00 167.00 OK

Check Details

Version: 1.3.4
Check: installed package size
Result: NOTE
     installed size is 5.1Mb
     sub-directories of 1Mb or more:
     data 1.7Mb
     libs 2.1Mb
Flavors: r-devel-windows-ix86+x86_64, r-release-windows-ix86+x86_64

Version: 1.3.4
Check: package dependencies
Result: NOTE
    Package suggested but not available for checking: ‘EBImage’
Flavor: r-oldrel-macos-x86_64