Last updated on 2023-12-05 07:48:41 CET.
Flavor | Version | Tinstall | Tcheck | Ttotal | Status | Flags |
---|---|---|---|---|---|---|
r-devel-linux-x86_64-debian-clang | 1.1 | 101.58 | 73.00 | 174.58 | OK | |
r-devel-linux-x86_64-debian-gcc | 1.1 | 78.63 | 57.92 | 136.55 | OK | |
r-devel-linux-x86_64-fedora-clang | 1.1 | 209.38 | OK | |||
r-devel-linux-x86_64-fedora-gcc | 1.1 | 248.66 | OK | |||
r-devel-windows-x86_64 | 1.1 | 63.00 | 90.00 | 153.00 | OK | |
r-patched-linux-x86_64 | 1.1 | 91.44 | 75.11 | 166.55 | OK | |
r-release-linux-x86_64 | 1.1 | 85.30 | 75.19 | 160.49 | OK | |
r-release-macos-arm64 | 1.1 | 74.00 | NOTE | |||
r-release-macos-x86_64 | 1.1 | 122.00 | NOTE | |||
r-release-windows-x86_64 | 1.1 | 83.00 | 110.00 | 193.00 | OK | |
r-oldrel-macos-arm64 | 1.1 | 63.00 | NOTE | |||
r-oldrel-macos-x86_64 | 1.1 | 82.00 | NOTE | |||
r-oldrel-windows-x86_64 | 1.1 | 76.00 | 106.00 | 182.00 | OK |
Version: 1.1
Check: installed package size
Result: NOTE
installed size is 21.8Mb
sub-directories of 1Mb or more:
libs 21.6Mb
Flavors: r-release-macos-arm64, r-release-macos-x86_64, r-oldrel-macos-arm64, r-oldrel-macos-x86_64