Last updated on 2019-12-06 00:50:06 CET.
Flavor | Version | Tinstall | Tcheck | Ttotal | Status | Flags |
---|---|---|---|---|---|---|
r-devel-linux-x86_64-debian-clang | 1.0 | 83.53 | 65.24 | 148.77 | OK | |
r-devel-linux-x86_64-debian-gcc | 1.0 | 81.68 | 51.23 | 132.91 | OK | |
r-devel-linux-x86_64-fedora-clang | 1.0 | 186.68 | NOTE | |||
r-devel-linux-x86_64-fedora-gcc | 1.0 | 206.38 | NOTE | |||
r-devel-windows-ix86+x86_64 | 1.0 | 103.00 | 102.00 | 205.00 | OK | |
r-devel-windows-ix86+x86_64-gcc8 | 1.0 | 111.00 | 105.00 | 216.00 | OK | |
r-patched-linux-x86_64 | 1.0 | 76.71 | 59.83 | 136.54 | OK | |
r-patched-solaris-x86 | 1.0 | 189.80 | OK | |||
r-release-linux-x86_64 | 1.0 | 73.97 | 59.85 | 133.82 | OK | |
r-release-windows-ix86+x86_64 | 1.0 | 135.00 | 95.00 | 230.00 | OK | |
r-release-osx-x86_64 | 1.0 | NOTE | ||||
r-oldrel-windows-ix86+x86_64 | 1.0 | 92.00 | 102.00 | 194.00 | OK | |
r-oldrel-osx-x86_64 | 1.0 | NOTE |
Version: 1.0
Check: installed package size
Result: NOTE
installed size is 20.4Mb
sub-directories of 1Mb or more:
libs 20.1Mb
Flavors: r-devel-linux-x86_64-fedora-clang, r-release-osx-x86_64, r-oldrel-osx-x86_64
Version: 1.0
Check: compiled code
Result: NOTE
File ‘ProbitSpatial/libs/ProbitSpatial.so’:
Found no calls to: ‘R_registerRoutines’, ‘R_useDynamicSymbols’
It is good practice to register native routines and to disable symbol
search.
See ‘Writing portable packages’ in the ‘Writing R Extensions’ manual.
Flavors: r-devel-linux-x86_64-fedora-clang, r-devel-linux-x86_64-fedora-gcc