CRAN Package Check Results for Package ProfoundData

Last updated on 2021-04-20 01:47:15 CEST.

Flavor Version Tinstall Tcheck Ttotal Status Flags
r-devel-linux-x86_64-debian-clang 0.2.1 9.18 62.71 71.89 NOTE
r-devel-linux-x86_64-debian-gcc 0.2.1 6.55 48.30 54.85 NOTE
r-devel-linux-x86_64-fedora-clang 0.2.1 91.39 NOTE
r-devel-linux-x86_64-fedora-gcc 0.2.1 82.66 NOTE
r-devel-windows-ix86+x86_64 0.2.1 11.00 59.00 70.00 NOTE
r-devel-windows-x86_64-gcc10-UCRT 0.2.1 NOTE
r-patched-linux-x86_64 0.2.1 8.14 58.53 66.67 OK
r-patched-solaris-x86 0.2.1 117.20 OK
r-release-linux-x86_64 0.2.1 7.20 58.15 65.35 OK
r-release-macos-x86_64 0.2.1 OK
r-release-windows-ix86+x86_64 0.2.1 17.00 88.00 105.00 OK
r-oldrel-macos-x86_64 0.2.1 NOTE
r-oldrel-windows-ix86+x86_64 0.2.1 10.00 75.00 85.00 OK

Check Details

Version: 0.2.1
Check: LazyData
Result: NOTE
     'LazyData' is specified without a 'data' directory
Flavors: r-devel-linux-x86_64-debian-clang, r-devel-linux-x86_64-debian-gcc, r-devel-linux-x86_64-fedora-clang, r-devel-linux-x86_64-fedora-gcc, r-devel-windows-ix86+x86_64, r-devel-windows-x86_64-gcc10-UCRT

Version: 0.2.1
Check: dependencies in R code
Result: NOTE
    No protocol specified
    No protocol specified
Flavor: r-oldrel-macos-x86_64