Last updated on 2023-02-06 00:52:39 CET.
Flavor | Version | Tinstall | Tcheck | Ttotal | Status | Flags |
---|---|---|---|---|---|---|
r-devel-linux-x86_64-debian-clang | 1.1.8 | 160.73 | 96.67 | 257.40 | NOTE | |
r-devel-linux-x86_64-debian-gcc | 1.1.8 | 124.17 | 69.87 | 194.04 | NOTE | |
r-devel-linux-x86_64-fedora-clang | 1.1.8 | 438.35 | NOTE | |||
r-devel-linux-x86_64-fedora-gcc | 1.1.8 | 348.02 | NOTE | |||
r-devel-windows-x86_64 | 1.1.8 | 311.00 | 148.00 | 459.00 | NOTE | |
r-patched-linux-x86_64 | 1.1.8 | 129.27 | 93.00 | 222.27 | OK | |
r-release-linux-x86_64 | 1.1.8 | 114.01 | 94.09 | 208.10 | OK | |
r-release-macos-arm64 | 1.1.8 | 113.00 | OK | |||
r-release-macos-x86_64 | 1.1.8 | 116.00 | OK | |||
r-release-windows-x86_64 | 1.1.8 | 261.00 | 159.00 | 420.00 | OK | |
r-oldrel-macos-arm64 | 1.1.8 | 92.00 | OK | |||
r-oldrel-macos-x86_64 | 1.1.8 | 107.00 | OK | |||
r-oldrel-windows-ix86+x86_64 | 1.1.8 | 396.00 | 179.00 | 575.00 | OK |
Version: 1.1.8
Check: C++ specification
Result: NOTE
Specified C++11: please update to current default of C++17
Flavors: r-devel-linux-x86_64-debian-clang, r-devel-linux-x86_64-debian-gcc, r-devel-linux-x86_64-fedora-clang, r-devel-linux-x86_64-fedora-gcc, r-devel-windows-x86_64