CRAN Package Check Results for Package PupilPre

Last updated on 2022-10-01 02:49:17 CEST.

Flavor Version Tinstall Tcheck Ttotal Status Flags
r-devel-linux-x86_64-debian-clang 0.6.2 14.28 177.53 191.81 OK
r-devel-linux-x86_64-debian-gcc 0.6.2 10.91 128.22 139.13 OK
r-devel-linux-x86_64-fedora-clang 0.6.2 238.67 NOTE
r-devel-linux-x86_64-fedora-gcc 0.6.2 224.34 OK
r-devel-windows-x86_64 0.6.2 45.00 212.00 257.00 OK
r-patched-linux-x86_64 0.6.2 13.90 161.61 175.51 OK
r-release-linux-x86_64 0.6.2 8.23 163.38 171.61 OK
r-release-macos-arm64 0.6.2 61.00 OK
r-release-macos-x86_64 0.6.2 120.00 OK
r-release-windows-x86_64 0.6.2 45.00 198.00 243.00 OK
r-oldrel-macos-arm64 0.6.2 97.00 OK
r-oldrel-macos-x86_64 0.6.2 92.00 OK
r-oldrel-windows-ix86+x86_64 0.6.2 28.00 216.00 244.00 OK

Check Details

Version: 0.6.2
Check: Rd cross-references
Result: NOTE
    Undeclared package ‘tibble’ in Rd xrefs
Flavor: r-devel-linux-x86_64-fedora-clang