CRAN Package Check Results for Package PupillometryR

Last updated on 2021-01-16 00:47:41 CET.

Flavor Version Tinstall Tcheck Ttotal Status Flags
r-devel-linux-x86_64-debian-clang 0.0.3 5.84 127.06 132.90 OK
r-devel-linux-x86_64-debian-gcc 0.0.3 5.20 91.69 96.89 OK
r-devel-linux-x86_64-fedora-clang 0.0.3 161.99 NOTE
r-devel-linux-x86_64-fedora-gcc 0.0.3 152.70 NOTE
r-devel-windows-ix86+x86_64 0.0.3 9.00 119.00 128.00 OK
r-patched-linux-x86_64 0.0.3 3.93 118.16 122.09 OK
r-patched-solaris-x86 0.0.3 206.80 NOTE
r-release-linux-x86_64 0.0.3 3.99 119.16 123.15 OK
r-release-macos-x86_64 0.0.3 NOTE
r-release-windows-ix86+x86_64 0.0.3 12.00 125.00 137.00 OK
r-oldrel-macos-x86_64 0.0.3 NOTE
r-oldrel-windows-ix86+x86_64 0.0.3 7.00 115.00 122.00 OK

Check Details

Version: 0.0.3
Check: dependencies in R code
Result: NOTE
    Namespaces in Imports field not imported from:
     ‘data.table’ ‘itsadug’ ‘mgcv’
     All declared Imports should be used.
Flavors: r-devel-linux-x86_64-fedora-clang, r-devel-linux-x86_64-fedora-gcc, r-patched-solaris-x86, r-release-macos-x86_64, r-oldrel-macos-x86_64