CRAN Package Check Results for Package Qtools

Last updated on 2020-08-09 01:48:37 CEST.

Flavor Version Tinstall Tcheck Ttotal Status Flags
r-devel-linux-x86_64-debian-clang 1.5.2 45.63 166.37 212.00 OK
r-devel-linux-x86_64-debian-gcc 1.5.2 33.42 122.63 156.05 OK
r-devel-linux-x86_64-fedora-clang 1.5.2 256.16 OK
r-devel-linux-x86_64-fedora-gcc 1.5.2 247.47 OK
r-devel-windows-ix86+x86_64 1.5.2 103.00 308.00 411.00 OK
r-patched-linux-x86_64 1.5.2 29.62 159.63 189.25 OK
r-patched-solaris-x86 1.5.2 316.50 WARN
r-release-linux-x86_64 1.5.2 32.08 158.76 190.84 OK
r-release-macos-x86_64 1.5.2 WARN
r-release-windows-ix86+x86_64 1.5.2 125.00 324.00 449.00 OK
r-oldrel-macos-x86_64 1.5.2 WARN
r-oldrel-windows-ix86+x86_64 1.5.2 73.00 190.00 263.00 OK

Check Details

Version: 1.5.2
Check: re-building of vignette outputs
Result: WARN
    Error(s) in re-building vignettes:
     ...
    --- re-building ‘Qtools.Rmd’ using rmarkdown
    Warning in engine$weave(file, quiet = quiet, encoding = enc) :
     Pandoc (>= 1.12.3) and/or pandoc-citeproc not available. Falling back to R Markdown v1.
    Quitting from lines 124-146 (Qtools.Rmd)
    Error: processing vignette 'Qtools.Rmd' failed with diagnostics:
    argument is of length zero
    --- failed re-building ‘Qtools.Rmd’
    
    SUMMARY: processing the following file failed:
     ‘Qtools.Rmd’
    
    Error: Vignette re-building failed.
    Execution halted
Flavors: r-patched-solaris-x86, r-release-macos-x86_64, r-oldrel-macos-x86_64