CRAN Package Check Results for Package Quartet

Last updated on 2020-09-22 02:17:28 CEST.

Flavor Version Tinstall Tcheck Ttotal Status Flags
r-devel-linux-x86_64-debian-clang 1.1.0 118.69 123.77 242.46 OK
r-devel-linux-x86_64-debian-gcc 1.1.0 84.88 97.34 182.22 OK
r-devel-linux-x86_64-fedora-clang 1.1.0 387.32 WARN
r-devel-linux-x86_64-fedora-gcc 1.1.0 307.98 OK
r-devel-windows-ix86+x86_64 1.1.0 269.00 215.00 484.00 OK
r-patched-linux-x86_64 1.1.0 87.66 121.92 209.58 OK
r-patched-solaris-x86 1.1.0 330.50 OK
r-release-linux-x86_64 1.1.0 83.10 121.25 204.35 OK
r-release-macos-x86_64 1.1.0 OK
r-release-windows-ix86+x86_64 1.1.0 264.00 245.00 509.00 OK
r-oldrel-macos-x86_64 1.1.0 OK
r-oldrel-windows-ix86+x86_64 1.1.0 191.00 256.00 447.00 OK

Check Details

Version: 1.1.0
Check: package dependencies
Result: WARN
    Requires (indirectly) orphaned package: ‘bibtex’
Flavor: r-devel-linux-x86_64-fedora-clang