CRAN Package Check Results for Package QuasiSeq

Last updated on 2021-06-22 01:49:27 CEST.

Flavor Version Tinstall Tcheck Ttotal Status Flags
r-devel-linux-x86_64-debian-clang 1.0-10-2 12.57 83.86 96.43 OK
r-devel-linux-x86_64-debian-gcc 1.0-10-2 9.53 63.87 73.40 OK
r-devel-linux-x86_64-fedora-clang 1.0-10-2 122.02 OK
r-devel-linux-x86_64-fedora-gcc 1.0-10-2 111.50 OK
r-devel-windows-x86_64 1.0-10-2 18.00 99.00 117.00 OK
r-devel-windows-x86_64-gcc10-UCRT 1.0-10-2 OK
r-patched-linux-x86_64 1.0-10-2 15.09 80.02 95.11 OK
r-patched-solaris-x86 1.0-10-2 156.40 OK
r-release-linux-x86_64 1.0-10-2 11.31 80.33 91.64 OK
r-release-macos-arm64 1.0-10-2 ERROR
r-release-macos-x86_64 1.0-10-2 OK
r-release-windows-ix86+x86_64 1.0-10-2 26.00 135.00 161.00 OK
r-oldrel-macos-x86_64 1.0-10-2 OK

Check Details

Version: 1.0-10-2
Check: package dependencies
Result: ERROR
    Package required but not available: ‘edgeR’
    
    See section ‘The DESCRIPTION file’ in the ‘Writing R Extensions’
    manual.
Flavor: r-release-macos-arm64