Last updated on 2022-08-19 02:53:38 CEST.
Flavor | Version | Tinstall | Tcheck | Ttotal | Status | Flags |
---|---|---|---|---|---|---|
r-devel-linux-x86_64-debian-clang | 2.17.1 | 4.37 | 70.93 | 75.30 | OK | |
r-devel-linux-x86_64-debian-gcc | 2.17.1 | 4.59 | 54.55 | 59.14 | OK | |
r-devel-linux-x86_64-fedora-clang | 2.17.1 | 103.24 | OK | |||
r-devel-linux-x86_64-fedora-gcc | 2.17.1 | 107.59 | OK | |||
r-devel-windows-x86_64 | 2.17.1 | 375.00 | 125.00 | 500.00 | OK | |
r-patched-linux-x86_64 | 2.17.1 | 6.21 | 67.29 | 73.50 | OK | |
r-release-linux-x86_64 | 2.17.1 | OK | ||||
r-release-macos-arm64 | 2.17.1 | 32.00 | OK | |||
r-release-macos-x86_64 | 2.17.1 | 51.00 | OK | |||
r-release-windows-x86_64 | 2.17.1 | 111.00 | 126.00 | 237.00 | OK | |
r-oldrel-macos-arm64 | 2.17.1 | 34.00 | OK | |||
r-oldrel-macos-x86_64 | 2.17.1 | 53.00 | OK | |||
r-oldrel-windows-ix86+x86_64 | 2.17.1 | 9.00 | 108.00 | 117.00 | WARN |
Version: 2.17.1
Check: re-building of vignette outputs
Result: WARN
Error(s) in re-building vignettes:
--- re-building 'R.devices-overview.tex.rsp' using rsp
R.devices v2.17.1 (2022-06-21 08:00:02 UTC) successfully loaded. See ?R.devices for help.
Warning in system(paste(shQuote(texi2dvi), if (quiet) "--quiet" else "", :
running command '"D:\compiler\texmf\miktex\bin\texify.exe" --quiet --pdf "R.devices-overview.tex" --max-iterations=20 -I "d:/RCompile/CRANpkg/local/4.1/R.devices.Rcheck/vign_test/R.devices/vignettes" -I "D:/RCompile/recent/R-4.1.3/share/texmf/tex/latex" -I "D:/RCompile/recent/R-4.1.3/share/texmf/bibtex/bst"' had status 1
Error: processing vignette 'R.devices-overview.tex.rsp' failed with diagnostics:
running 'texi2dvi' on 'R.devices-overview.tex' failed
LaTeX errors:
devices-overview.tex:55: LaTeX Error: Missing \begin{document}.
See the LaTeX manual or LaTeX Companion for explanation.
Type H <return> for immediate help
You're in trouble here. Try typing <return> to proceed.
--- failed re-building 'R.devices-overview.tex.rsp'
SUMMARY: processing the following file failed:
'R.devices-overview.tex.rsp'
Error: Vignette re-building failed.
Execution halted
Flavor: r-oldrel-windows-ix86+x86_64