CRAN Package Check Results for Package R.matlab

Last updated on 2021-08-03 01:50:44 CEST.

Flavor Version Tinstall Tcheck Ttotal Status Flags
r-devel-linux-x86_64-debian-clang 3.6.2 5.11 62.03 67.14 OK
r-devel-linux-x86_64-debian-gcc 3.6.2 4.65 46.51 51.16 OK
r-devel-linux-x86_64-fedora-clang 3.6.2 89.97 OK
r-devel-linux-x86_64-fedora-gcc 3.6.2 77.20 OK
r-devel-windows-x86_64 3.6.2 6.00 121.00 127.00 OK
r-devel-windows-x86_64-gcc10-UCRT 3.6.2 OK
r-patched-linux-x86_64 3.6.2 OK
r-patched-solaris-x86 3.6.2 98.90 ERROR
r-release-linux-x86_64 3.6.2 5.09 59.01 64.10 OK
r-release-macos-arm64 3.6.2 OK
r-release-macos-x86_64 3.6.2 OK
r-release-windows-ix86+x86_64 3.6.2 10.00 128.00 138.00 OK
r-oldrel-macos-x86_64 3.6.2 OK
r-oldrel-windows-ix86+x86_64 3.6.2 9.00 147.00 156.00 OK

Check Details

Version: 3.6.2
Check: tests
Result: ERROR
     Running ‘Matlab,options.R’
     Running ‘Matlab.R’
     Running ‘readMat,noattach.R’
     Running ‘readMat.R’
     Running ‘startup.R’
     Running ‘writeMat.R’ [17s/19s]
    Running the tests in ‘tests/readMat.R’ failed.
    Complete output:
     > library("R.matlab")
     R.matlab v3.6.2 (2018-09-26) successfully loaded. See ?R.matlab for help.
    
     Attaching package: 'R.matlab'
    
     The following objects are masked from 'package:base':
    
     getOption, isOpen
    
     > library("methods")
     >
     > path <- system.file("mat-files", package = "R.matlab")
     >
     >
     > equals <- function(target, current, ..., check.attributes = FALSE,
     + assert = TRUE) {
     + ## AD HOC: 'SparseM' matrices gives an error on
     + ## as.matrix() if covr::package_coverage().
     + if ("covr" %in% loadedNamespaces()) {
     + for (obj in list(target, current))
     + if (inherits(obj, c("matrix.coo", "matrix.csc"))) return(TRUE)
     + }
     + target <- as.matrix(target)
     + current <- as.matrix(current)
     + eq <- all.equal(target = target, current = current,
     + check.attributes = check.attributes, ...)
     + if (!isTRUE(eq)) {
     + print(eq)
     + str(list(target, current))
     + if (assert) {
     + stop("Detected differences between matrices.")
     + }
     + }
     + eq
     + }
     >
     >
     > # - - - - - - - - - - - - - - - - - - - - - - - - - - - - - - - - - -
     > # Reading all example files
     > # - - - - - - - - - - - - - - - - - - - - - - - - - - - - - - - - - -
     > for (version in 4:5) {
     + cat("Loading all MAT v", version, " example files in ",
     + path, "...\n", sep = "")
     +
     + pattern <- sprintf("-v%d[.]mat$", version)
     + pathnames <- list.files(pattern = pattern, path = path, full.names = TRUE)
     +
     + for (pathname in pathnames) {
     + cat("Reading MAT file: ", basename(pathname), "\n", sep = "")
     + tryCatch({
     + mat <- readMat(pathname)
     + print(mat)
     + }, error = function(ex) {
     + print(ex)
     + message(pathname)
     + })
     + }
     + }
     Loading all MAT v4 example files in /home/ripley/R/Lib32/R.matlab/mat-files...
     Reading MAT file: Matrix-BigEndian-v4.mat
     $x
     [,1]
     [1,] 0.05322716
     [2,] 0.74638659
     [3,] 0.26134080
     [4,] 0.16421010
     [5,] 0.63433397
    
     attr(,"header")
     attr(,"header")$version
     [1] "4"
    
     attr(,"header")$endian
     [1] "big"
    
     Reading MAT file: Matrix-v4.mat
     $x
     [,1]
     [1,] -1.49775124
     [2,] -1.10704029
     [3,] 1.18735480
     [4,] 0.21151473
     [5,] -1.21211421
     [6,] -0.03170872
     [7,] -0.39826268
     [8,] -1.51964319
     [9,] 0.48633114
     [10,] 0.23586598
    
     attr(,"header")
     attr(,"header")$version
     [1] "4"
    
     attr(,"header")$endian
     [1] "little"
    
     Reading MAT file: SparseLogicalDouble-v4.mat
     $L
     10 x 5 sparse Matrix of class "dgCMatrix"
    
     [1,] . 2.130317e-314 0.000000e+00 . .
     [2,] . . . 1.379622e-306 .
     [3,] . . 1.630417e-322 . .
     [4,] . . . . 2.121996e-314
     [5,] . 0.000000e+00 8.518597e-316 3.756030e-317 8.519104e-316
     [6,] . 0.000000e+00 . . .
     [7,] 7.748604e-304 . . 1.630417e-322 .
     [8,] . . . 2.348641e-310 .
     [9,] . . . . .
     [10,] . . . . 0.000000e+00
    
     $D
     10 x 5 sparse Matrix of class "dgCMatrix"
    
     [1,] . 1 1 . .
     [2,] . . . 1 .
     [3,] . . 1 . .
     [4,] . . . . 1
     [5,] . 1 1 1 1
     [6,] . 1 . . .
     [7,] 1 . . 1 .
     [8,] . . . 1 .
     [9,] . . . . .
     [10,] . . . . 0
    
     attr(,"header")
     attr(,"header")$version
     [1] "4"
    
     attr(,"header")$endian
     [1] "little"
    
     Reading MAT file: SparseMatrix-v4.mat
     $S
     20 x 20 sparse Matrix of class "dgCMatrix"
    
     [1,] 1 . . . . . . . . . . . . . . . . . . .
     [2,] . 1 . . . . . . . . . . . . . . . . . .
     [3,] . . 1 . . . . . . . . . . . . . . . . .
     [4,] . . . 1 . . . . . . . . . . . . . . . .
     [5,] . . . . 1 . . . . . . . . . . . . . . .
     [6,] . . . . . 1 . . . . . . . . . . . . . .
     [7,] . . . . . . 1 . . . . . . . . . . . . .
     [8,] . . . . . . . 1 . . . . . . . . . . . .
     [9,] . . . . . . . . 1 . . . . . . . . . . .
     [10,] . . . . . . . . . 1 . . . . . . . . . .
     [11,] . . . . . . . . . . 1 . . . . . . . . .
     [12,] . . . . . . . . . . . 1 . . . . . . . .
     [13,] . . . . . . . . . . . . 1 . . . . . . .
     [14,] . . . . . . . . . . . . . 1 . . . . . .
     [15,] . . . . . . . . . . . . . . 1 . . . . .
     [16,] . . . . . . . . . . . . . . . 1 . . . .
     [17,] . . . . . . . . . . . . . . . . 1 . . .
     [18,] . . . . . . . . . . . . . . . . . 1 . .
     [19,] . . . . . . . . . . . . . . . . . . 1 .
     [20,] . . . . . . . . . . . . . . . . . . . 0
    
     attr(,"header")
     attr(,"header")$version
     [1] "4"
    
     attr(,"header")$endian
     [1] "big"
    
     Reading MAT file: SparseMatrix3-v4.mat
     $sparseM
     8 x 5 sparse Matrix of class "dgCMatrix"
    
     [1,] 0.95012929 0.8214072 0.935469699 0.13889088 0.4450964
     [2,] 0.23113851 0.4447034 0.916904440 0.20276522 0.9318146
     [3,] 0.60684258 0.6154323 0.410270207 0.19872174 0.4659943
     [4,] 0.48598247 0.7919370 0.893649531 0.60379248 0.4186495
     [5,] 0.89129897 0.9218130 0.057891305 0.27218792 0.8462214
     [6,] 0.76209683 0.7382072 0.352868132 0.19881427 0.5251525
     [7,] 0.45646767 0.1762661 0.813166497 0.01527393 0.2026474
     [8,] 0.01850364 0.4057062 0.009861301 0.74678568 0.6721375
    
     attr(,"header")
     attr(,"header")$version
     [1] "4"
    
     attr(,"header")$endian
     [1] "big"
    
     Loading all MAT v5 example files in /home/ripley/R/Lib32/R.matlab/mat-files...
     Reading MAT file: Matrix-LittleEndian-v5.mat
     $x
     [,1]
     [1,] 0.05322716
     [2,] 0.74638659
     [3,] 0.26134080
     [4,] 0.16421010
     [5,] 0.63433397
    
     attr(,"header")
     attr(,"header")$description
     [1] "MATLAB 5.0 MAT-file, Platform: SOL2, Created on: Tue Feb 10 14:37:03 2004 "
    
     attr(,"header")$version
     [1] "5"
    
     attr(,"header")$endian
     [1] "big"
    
     Reading MAT file: Matrix-v5.mat
     $X
     , , 1
    
     [,1]
     x numeric,6
     y list,2
     z numeric,196
    
    
     attr(,"header")
     attr(,"header")$description
     [1] "MATLAB 5.0 MAT-file, Platform: PCWIN, Created on: Tue Aug 27 01:25:36 2002 "
    
     attr(,"header")$version
     [1] "5"
    
     attr(,"header")$endian
     [1] "little"
    
     Reading MAT file: SparseLogicalDouble-v5.mat
     $L
     10 x 5 sparse Matrix of class "lgCMatrix"
    
     [1,] . | | . .
     [2,] . . . | .
     [3,] . . | . .
     [4,] . . . . |
     [5,] . | | | |
     [6,] . | . . .
     [7,] | . . | .
     [8,] . . . | .
     [9,] . . . . .
     [10,] . . . . .
    
     $D
     10 x 5 sparse Matrix of class "dgCMatrix"
    
     [1,] . 1 1 . .
     [2,] . . . 1 .
     [3,] . . 1 . .
     [4,] . . . . 1
     [5,] . 1 1 1 1
     [6,] . 1 . . .
     [7,] 1 . . 1 .
     [8,] . . . 1 .
     [9,] . . . . .
     [10,] . . . . .
    
     attr(,"header")
     attr(,"header")$description
     [1] "MATLAB 5.0 MAT-file, Platform: GLNXA64, Created on: Thu Jun 7 15:36:19 2012 "
    
     attr(,"header")$version
     [1] "5"
    
     attr(,"header")$endian
     [1] "little"
    
     Reading MAT file: SparseMatrix-v5.mat
     $S
     20 x 20 sparse Matrix of class "dgCMatrix"
    
     [1,] 1 . . . . . . . . . . . . . . . . . . .
     [2,] . 1 . . . . . . . . . . . . . . . . . .
     [3,] . . 1 . . . . . . . . . . . . . . . . .
     [4,] . . . 1 . . . . . . . . . . . . . . . .
     [5,] . . . . 1 . . . . . . . . . . . . . . .
     [6,] . . . . . 1 . . . . . . . . . . . . . .
     [7,] . . . . . . 1 . . . . . . . . . . . . .
     [8,] . . . . . . . 1 . . . . . . . . . . . .
     [9,] . . . . . . . . 1 . . . . . . . . . . .
     [10,] . . . . . . . . . 1 . . . . . . . . . .
     [11,] . . . . . . . . . . 1 . . . . . . . . .
     [12,] . . . . . . . . . . . 1 . . . . . . . .
     [13,] . . . . . . . . . . . . 1 . . . . . . .
     [14,] . . . . . . . . . . . . . 1 . . . . . .
     [15,] . . . . . . . . . . . . . . 1 . . . . .
     [16,] . . . . . . . . . . . . . . . 1 . . . .
     [17,] . . . . . . . . . . . . . . . . 1 . . .
     [18,] . . . . . . . . . . . . . . . . . 1 . .
     [19,] . . . . . . . . . . . . . . . . . . 1 .
     [20,] . . . . . . . . . . . . . . . . . . . .
    
     attr(,"header")
     attr(,"header")$description
     [1] "MATLAB 5.0 MAT-file, Platform: SOL2, Created on: Tue Feb 10 16:40:52 2004 "
    
     attr(,"header")$version
     [1] "5"
    
     attr(,"header")$endian
     [1] "big"
    
     Reading MAT file: SparseMatrix2-v5.mat
     $sparseM
     20 x 18 sparse Matrix of class "dgCMatrix"
    
     [1,] 1 . . . . . . . . . . . . . . . . .
     [2,] . 1 3 4 5 . . . . . . . . . . . . .
     [3,] . . 1 . . . . . . . . . . . . . . .
     [4,] . . . 1 . . . . . . . . . . . . . .
     [5,] . . . . 1 . . . . . . . . . . . . .
     [6,] . . . . . 1 . . . . . . . . . . . .
     [7,] . . . . . . 1 . . . . . . . . . . .
     [8,] . . . . . . . 1 . . . . . . . . . .
     [9,] . . . . . . . . 1 . . . . . . . . .
     [10,] . . . . . . . . . 1 . . . . . . . .
     [11,] . . . . . . . . . . 1 . . . . . . .
     [12,] . . . . . . . . . . . 1 . . . . . .
     [13,] . . . . . . . . . . . . 1 . . . . .
     [14,] . . . . . . . . . . . . . 1 . . . .
     [15,] . . . . . . . . . . . . . . 1 . . .
     [16,] . . . . . . . . . . . . . . . 1 . .
     [17,] . . . . . . . . . . . . . . . . 1 .
     [18,] . . . . . . . . . . . . . . . . . 1
     [19,] . . . . . . . . . . . . . . . . . .
     [20,] . . . . . . . . . . . . . . . . . .
    
     attr(,"header")
     attr(,"header")$description
     [1] "MATLAB 5.0 MAT-file, Platform: SOL2, Created on: Tue Feb 10 19:00:09 2004 "
    
     attr(,"header")$version
     [1] "5"
    
     attr(,"header")$endian
     [1] "big"
    
     Reading MAT file: SparseMatrix3-v5.mat
     $sparseM
     8 x 5 sparse Matrix of class "dgCMatrix"
    
     [1,] 0.95012929 0.8214072 0.935469699 0.13889088 0.4450964
     [2,] 0.23113851 0.4447034 0.916904440 0.20276522 0.9318146
     [3,] 0.60684258 0.6154323 0.410270207 0.19872174 0.4659943
     [4,] 0.48598247 0.7919370 0.893649531 0.60379248 0.4186495
     [5,] 0.89129897 0.9218130 0.057891305 0.27218792 0.8462214
     [6,] 0.76209683 0.7382072 0.352868132 0.19881427 0.5251525
     [7,] 0.45646767 0.1762661 0.813166497 0.01527393 0.2026474
     [8,] 0.01850364 0.4057062 0.009861301 0.74678568 0.6721375
    
     attr(,"header")
     attr(,"header")$description
     [1] "MATLAB 5.0 MAT-file, Platform: SOL2, Created on: Tue Feb 10 19:37:28 2004 "
    
     attr(,"header")$version
     [1] "5"
    
     attr(,"header")$endian
     [1] "big"
    
     Reading MAT file: SparseMatrixPage20-v5.mat
     $S
     3 x 3 sparse Matrix of class "dgCMatrix"
    
     [1,] 1.5 . .
     [2,] . 2.5 .
     [3,] . . 3.5
    
     attr(,"header")
     attr(,"header")$description
     [1] "MATLAB 5.0 MAT-file, Platform: SOL2, Created on: Tue Feb 10 18:12:51 2004 "
    
     attr(,"header")$version
     [1] "5"
    
     attr(,"header")$endian
     [1] "big"
    
     Reading MAT file: aFunction,arraytype=16-v5.mat
     $f
     [1] 06 00 00 00 08 00 00 00 02 00 00 00 00 00 00 00 05 00 00 00 08 00 00 00 01
     [26] 00 00 00 01 00 00 00 01 00 00 00 00 00 00 00 05 00 04 00 10 00 00 00 01 00
     [51] 00 00 40 00 00 00 6d 61 74 6c 61 62 72 6f 6f 74 00 00 00 00 00 00 73 65 70
     [76] 61 72 61 74 6f 72 00 00 00 00 00 00 00 73 65 6e 74 69 6e 65 6c 00 00 00 00
     [101] 00 00 00 00 66 75 6e 63 74 69 6f 6e 5f 68 61 6e 64 6c 65 00 0e 00 00 00 48
     [126] 00 00 00 06 00 00 00 08 00 00 00 04 00 00 00 00 00 00 00 05 00 00 00 08 00
     [151] 00 00 01 00 00 00 18 00 00 00 01 00 00 00 00 00 00 00 10 00 00 00 18 00 00
     [176] 00 2f 6f 70 74 2f 6c 6f 63 61 6c 2f 4d 41 54 4c 41 42 2f 52 32 30 31 32 61
     [201] 0e 00 00 00 30 00 00 00 06 00 00 00 08 00 00 00 04 00 00 00 00 00 00 00 05
     [226] 00 00 00 08 00 00 00 01 00 00 00 01 00 00 00 01 00 00 00 00 00 00 00 10 00
     [251] 01 00 2f 00 00 00 0e 00 00 00 30 00 00 00 06 00 00 00 08 00 00 00 04 00 00
     [276] 00 00 00 00 00 05 00 00 00 08 00 00 00 01 00 00 00 01 00 00 00 01 00 00 00
     [301] 00 00 00 00 10 00 01 00 40 00 00 00 0e 00 00 00 c8 01 00 00 06 00 00 00 08
     [326] 00 00 00 02 00 00 00 00 00 00 00 05 00 00 00 08 00 00 00 01 00 00 00 01 00
     [351] 00 00 01 00 00 00 00 00 00 00 05 00 04 00 0a 00 00 00 01 00 00 00 28 00 00
     [376] 00 66 75 6e 63 74 69 6f 6e 00 00 74 79 70 65 00 00 00 00 00 00 66 69 6c 65
     [401] 00 00 00 00 00 00 77 6f 72 6b 73 70 61 63 65 00 0e 00 00 00 40 00 00 00 06
     [426] 00 00 00 08 00 00 00 04 00 00 00 00 00 00 00 05 00 00 00 08 00 00 00 01 00
     [451] 00 00 09 00 00 00 01 00 00 00 00 00 00 00 10 00 00 00 09 00 00 00 73 66 25
     [476] 30 40 28 78 29 78 00 00 00 00 00 00 00 0e 00 00 00 40 00 00 00 06 00 00 00
     [501] 08 00 00 00 04 00 00 00 00 00 00 00 05 00 00 00 08 00 00 00 01 00 00 00 09
     [526] 00 00 00 01 00 00 00 00 00 00 00 10 00 00 00 09 00 00 00 61 6e 6f 6e 79 6d
     [551] 6f 75 73 00 00 00 00 00 00 00 0e 00 00 00 30 00 00 00 06 00 00 00 08 00 00
     [576] 00 04 00 00 00 00 00 00 00 05 00 00 00 08 00 00 00 00 00 00 00 00 00 00 00
     [601] 01 00 00 00 00 00 00 00 10 00 00 00 00 00 00 00 0e 00 00 00 98 00 00 00 06
     [626] 00 00 00 08 00 00 00 11 00 00 00 00 00 00 00 01 00 00 00 00 00 00 00 01 00
     [651] 04 00 4d 43 4f 53 01 00 00 00 19 00 00 00 66 75 6e 63 74 69 6f 6e 5f 68 61
     [676] 6e 64 6c 65 5f 77 6f 72 6b 73 70 61 63 65 00 00 00 00 00 00 00 0e 00 00 00
     [701] 48 00 00 00 06 00 00 00 08 00 00 00 0d 00 00 00 00 00 00 00 05 00 00 00 08
     [726] 00 00 00 06 00 00 00 01 00 00 00 01 00 00 00 00 00 00 00 06 00 00 00 18 00
     [751] 00 00 00 00 00 dd 02 00 00 00 01 00 00 00 01 00 00 00 01 00 00 00 01 00 00
     [776] 00
    
     $y
     [,1]
     [1,] 2
    
     [[3]]
     [,1] [,2] [,3] [,4] [,5] [,6] [,7] [,8] [,9] [,10] [,11] [,12] [,13] [,14]
     [1,] 0 1 73 77 0 0 0 0 14 0 0 0 40 3
     [,15] [,16] [,17] [,18] [,19] [,20] [,21] [,22] [,23] [,24] [,25] [,26]
     [1,] 0 0 6 0 0 0 8 0 0 0 2 0
     [,27] [,28] [,29] [,30] [,31] [,32] [,33] [,34] [,35] [,36] [,37] [,38]
     [1,] 0 0 0 0 0 0 5 0 0 0 8 0
     [,39] [,40] [,41] [,42] [,43] [,44] [,45] [,46] [,47] [,48] [,49] [,50]
     [1,] 0 0 1 0 0 0 1 0 0 0 1 0
     [,51] [,52] [,53] [,54] [,55] [,56] [,57] [,58] [,59] [,60] [,61] [,62]
     [1,] 0 0 0 0 0 0 5 0 4 0 5 0
     [,63] [,64] [,65] [,66] [,67] [,68] [,69] [,70] [,71] [,72] [,73] [,74]
     [1,] 0 0 1 0 0 0 5 0 0 0 77 67
     [,75] [,76] [,77] [,78] [,79] [,80] [,81] [,82] [,83] [,84] [,85] [,86]
     [1,] 79 83 0 0 0 0 14 0 0 0 224 2
     [,87] [,88] [,89] [,90] [,91] [,92] [,93] [,94] [,95] [,96] [,97] [,98]
     [1,] 0 0 6 0 0 0 8 0 0 0 17 0
     [,99] [,100] [,101] [,102] [,103] [,104] [,105] [,106] [,107] [,108]
     [1,] 0 0 0 0 0 0 1 0 0 0
     [,109] [,110] [,111] [,112] [,113] [,114] [,115] [,116] [,117] [,118]
     [1,] 0 0 0 0 1 0 4 0 77 67
     [,119] [,120] [,121] [,122] [,123] [,124] [,125] [,126] [,127] [,128]
     [1,] 79 83 1 0 0 0 13 0 0 0
     [,129] [,130] [,131] [,132] [,133] [,134] [,135] [,136] [,137] [,138]
     [1,] 70 105 108 101 87 114 97 112 112 101
     [,139] [,140] [,141] [,142] [,143] [,144] [,145] [,146] [,147] [,148]
     [1,] 114 95 95 0 0 0 14 0 0 0
     [,149] [,150] [,151] [,152] [,153] [,154] [,155] [,156] [,157] [,158]
     [1,] 160 2 0 0 6 0 0 0 8 0
     [,159] [,160] [,161] [,162] [,163] [,164] [,165] [,166] [,167] [,168]
     [1,] 0 0 1 0 0 0 0 0 0 0
     [,169] [,170] [,171] [,172] [,173] [,174] [,175] [,176] [,177] [,178]
     [1,] 5 0 0 0 8 0 0 0 4 0
     [,179] [,180] [,181] [,182] [,183] [,184] [,185] [,186] [,187] [,188]
     [1,] 0 0 1 0 0 0 1 0 0 0
     [,189] [,190] [,191] [,192] [,193] [,194] [,195] [,196] [,197] [,198]
     [1,] 0 0 0 0 14 0 0 0 248 0
     [,199] [,200] [,201] [,202] [,203] [,204] [,205] [,206] [,207] [,208]
     [1,] 0 0 6 0 0 0 8 0 0 0
     [,209] [,210] [,211] [,212] [,213] [,214] [,215] [,216] [,217] [,218]
     [1,] 9 0 0 0 0 0 0 0 5 0
     [,219] [,220] [,221] [,222] [,223] [,224] [,225] [,226] [,227] [,228]
     [1,] 0 0 8 0 0 0 200 0 0 0
     [,229] [,230] [,231] [,232] [,233] [,234] [,235] [,236] [,237] [,238]
     [1,] 1 0 0 0 1 0 0 0 0 0
     [,239] [,240] [,241] [,242] [,243] [,244] [,245] [,246] [,247] [,248]
     [1,] 0 0 2 0 0 0 200 0 0 0
     [,249] [,250] [,251] [,252] [,253] [,254] [,255] [,256] [,257] [,258]
     [1,] 2 0 0 0 2 0 0 0 72 0
     [,259] [,260] [,261] [,262] [,263] [,264] [,265] [,266] [,267] [,268]
     [1,] 0 0 104 0 0 0 128 0 0 0
     [,269] [,270] [,271] [,272] [,273] [,274] [,275] [,276] [,277] [,278]
     [1,] 176 0 0 0 184 0 0 0 200 0
     [,279] [,280] [,281] [,282] [,283] [,284] [,285] [,286] [,287] [,288]
     [1,] 0 0 0 0 0 0 0 0 0 0
     [,289] [,290] [,291] [,292] [,293] [,294] [,295] [,296] [,297] [,298]
     [1,] 97 110 121 0 102 117 110 99 116 105
     [,299] [,300] [,301] [,302] [,303] [,304] [,305] [,306] [,307] [,308]
     [1,] 111 110 95 104 97 110 100 108 101 95
     [,309] [,310] [,311] [,312] [,313] [,314] [,315] [,316] [,317] [,318]
     [1,] 119 111 114 107 115 112 97 99 101 0
     [,319] [,320] [,321] [,322] [,323] [,324] [,325] [,326] [,327] [,328]
     [1,] 0 0 0 0 0 0 0 0 0 0
     [,329] [,330] [,331] [,332] [,333] [,334] [,335] [,336] [,337] [,338]
     [1,] 0 0 0 0 0 0 0 0 0 0
     [,339] [,340] [,341] [,342] [,343] [,344] [,345] [,346] [,347] [,348]
     [1,] 0 0 2 0 0 0 0 0 0 0
     [,349] [,350] [,351] [,352] [,353] [,354] [,355] [,356] [,357] [,358]
     [1,] 0 0 0 0 0 0 0 0 0 0
     [,359] [,360] [,361] [,362] [,363] [,364] [,365] [,366] [,367] [,368]
     [1,] 0 0 1 0 0 0 1 0 0 0
     [,369] [,370] [,371] [,372] [,373] [,374] [,375] [,376] [,377] [,378]
     [1,] 1 0 0 0 0 0 0 0 0 0
     [,379] [,380] [,381] [,382] [,383] [,384] [,385] [,386] [,387] [,388]
     [1,] 0 0 0 0 0 0 0 0 0 0
     [,389] [,390] [,391] [,392] [,393] [,394] [,395] [,396] [,397] [,398]
     [1,] 0 0 0 0 0 0 0 0 0 0
     [,399] [,400] [,401] [,402] [,403] [,404] [,405] [,406] [,407] [,408]
     [1,] 0 0 1 0 0 0 0 0 0 0
     [,409] [,410] [,411] [,412] [,413] [,414] [,415] [,416] [,417] [,418]
     [1,] 0 0 0 0 1 0 0 0 0 0
     [,419] [,420] [,421] [,422] [,423] [,424] [,425] [,426] [,427] [,428]
     [1,] 0 0 1 0 0 0 0 0 0 0
     [,429] [,430] [,431] [,432] [,433] [,434] [,435] [,436] [,437] [,438]
     [1,] 0 0 0 0 0 0 0 0 0 0
     [,439] [,440] [,441] [,442] [,443] [,444] [,445] [,446] [,447] [,448]
     [1,] 0 0 0 0 0 0 0 0 0 0
     [,449] [,450] [,451] [,452] [,453] [,454] [,455] [,456] [,457] [,458]
     [1,] 14 0 0 0 0 0 0 0 14 0
     [,459] [,460] [,461] [,462] [,463] [,464] [,465] [,466] [,467] [,468]
     [1,] 0 0 184 0 0 0 6 0 0 0
     [,469] [,470] [,471] [,472] [,473] [,474] [,475] [,476] [,477] [,478]
     [1,] 8 0 0 0 1 0 0 0 0 0
     [,479] [,480] [,481] [,482] [,483] [,484] [,485] [,486] [,487] [,488]
     [1,] 0 0 5 0 0 0 8 0 0 0
     [,489] [,490] [,491] [,492] [,493] [,494] [,495] [,496] [,497] [,498]
     [1,] 2 0 0 0 1 0 0 0 1 0
     [,499] [,500] [,501] [,502] [,503] [,504] [,505] [,506] [,507] [,508]
     [1,] 0 0 0 0 0 0 14 0 0 0
     [,509] [,510] [,511] [,512] [,513] [,514] [,515] [,516] [,517] [,518]
     [1,] 72 0 0 0 6 0 0 0 8 0
     [,519] [,520] [,521] [,522] [,523] [,524] [,525] [,526] [,527] [,528]
     [1,] 0 0 13 0 0 0 0 0 0 0
     [,529] [,530] [,531] [,532] [,533] [,534] [,535] [,536] [,537] [,538]
     [1,] 5 0 0 0 8 0 0 0 6 0
     [,539] [,540] [,541] [,542] [,543] [,544] [,545] [,546] [,547] [,548]
     [1,] 0 0 1 0 0 0 1 0 0 0
     [,549] [,550] [,551] [,552] [,553] [,554] [,555] [,556] [,557] [,558]
     [1,] 0 0 0 0 6 0 0 0 24 0
     [,559] [,560] [,561] [,562] [,563] [,564] [,565] [,566] [,567] [,568]
     [1,] 0 0 0 0 0 221 2 0 0 0
     [,569] [,570] [,571] [,572] [,573] [,574] [,575] [,576] [,577] [,578]
     [1,] 1 0 0 0 1 0 0 0 0 0
     [,579] [,580] [,581] [,582] [,583] [,584] [,585] [,586] [,587] [,588]
     [1,] 0 0 1 0 0 0 14 0 0 0
     [,589] [,590] [,591] [,592] [,593] [,594] [,595] [,596] [,597] [,598]
     [1,] 56 0 0 0 6 0 0 0 8 0
     [,599] [,600] [,601] [,602] [,603] [,604] [,605] [,606] [,607] [,608]
     [1,] 0 0 2 0 0 0 0 0 0 0
     [,609] [,610] [,611] [,612] [,613] [,614] [,615] [,616] [,617] [,618]
     [1,] 5 0 0 0 8 0 0 0 1 0
     [,619] [,620] [,621] [,622] [,623] [,624] [,625] [,626] [,627] [,628]
     [1,] 0 0 1 0 0 0 1 0 0 0
     [,629] [,630] [,631] [,632] [,633] [,634] [,635] [,636] [,637] [,638]
     [1,] 0 0 0 0 5 0 4 0 1 0
     [,639] [,640] [,641] [,642] [,643] [,644] [,645] [,646] [,647] [,648]
     [1,] 0 0 1 0 0 0 0 0 0 0
     [,649] [,650] [,651] [,652] [,653] [,654] [,655] [,656] [,657] [,658]
     [1,] 14 0 0 0 168 0 0 0 6 0
     [,659] [,660] [,661] [,662] [,663] [,664] [,665] [,666] [,667] [,668]
     [1,] 0 0 8 0 0 0 1 0 0 0
     [,669] [,670] [,671] [,672] [,673] [,674] [,675] [,676] [,677] [,678]
     [1,] 0 0 0 0 5 0 0 0 8 0
     [,679] [,680] [,681] [,682] [,683] [,684] [,685] [,686] [,687] [,688]
     [1,] 0 0 2 0 0 0 1 0 0 0
     [,689] [,690] [,691] [,692] [,693] [,694] [,695] [,696] [,697] [,698]
     [1,] 1 0 0 0 0 0 0 0 14 0
     [,699] [,700] [,701] [,702] [,703] [,704] [,705] [,706] [,707] [,708]
     [1,] 0 0 56 0 0 0 6 0 0 0
     [,709] [,710] [,711] [,712] [,713] [,714] [,715] [,716] [,717] [,718]
     [1,] 8 0 0 0 2 0 0 0 0 0
     [,719] [,720] [,721] [,722] [,723] [,724] [,725] [,726] [,727] [,728]
     [1,] 0 0 5 0 0 0 8 0 0 0
     [,729] [,730] [,731] [,732] [,733] [,734] [,735] [,736] [,737] [,738]
     [1,] 1 0 0 0 0 0 0 0 1 0
     [,739] [,740] [,741] [,742] [,743] [,744] [,745] [,746] [,747] [,748]
     [1,] 0 0 0 0 0 0 5 0 4 0
     [,749] [,750] [,751] [,752] [,753] [,754] [,755] [,756] [,757] [,758]
     [1,] 1 0 0 0 1 0 0 0 0 0
     [,759] [,760] [,761] [,762] [,763] [,764] [,765] [,766] [,767] [,768]
     [1,] 0 0 14 0 0 0 56 0 0 0
     [,769] [,770] [,771] [,772] [,773] [,774] [,775] [,776] [,777] [,778]
     [1,] 6 0 0 0 8 0 0 0 2 0
     [,779] [,780] [,781] [,782] [,783] [,784] [,785] [,786] [,787] [,788]
     [1,] 0 0 0 0 0 0 5 0 0 0
     [,789] [,790] [,791] [,792] [,793] [,794] [,795] [,796] [,797] [,798]
     [1,] 8 0 0 0 1 0 0 0 0 0
     [,799] [,800] [,801] [,802] [,803] [,804] [,805] [,806] [,807] [,808]
     [1,] 0 0 1 0 0 0 0 0 0 0
     [,809] [,810] [,811] [,812] [,813] [,814] [,815] [,816] [,817] [,818]
     [1,] 5 0 4 0 1 0 0 0 1 0
     [,819] [,820] [,821] [,822] [,823] [,824] [,825] [,826] [,827] [,828]
     [1,] 0 0 0 0 0 0 14 0 0 0
     [,829] [,830] [,831] [,832] [,833] [,834] [,835] [,836] [,837] [,838]
     [1,] 136 0 0 0 6 0 0 0 8 0
     [,839] [,840] [,841] [,842] [,843] [,844] [,845] [,846] [,847] [,848]
     [1,] 0 0 9 0 0 0 0 0 0 0
     [,849] [,850] [,851] [,852] [,853] [,854] [,855] [,856] [,857] [,858]
     [1,] 5 0 0 0 8 0 0 0 1 0
     [,859] [,860] [,861] [,862] [,863] [,864] [,865] [,866] [,867] [,868]
     [1,] 0 0 88 0 0 0 1 0 0 0
     [,869] [,870] [,871] [,872] [,873] [,874] [,875] [,876] [,877] [,878]
     [1,] 0 0 0 0 2 0 0 0 88 0
     [,879] [,880] [,881] [,882] [,883] [,884] [,885] [,886] [,887] [,888]
     [1,] 0 0 0 1 73 77 0 0 0 0
     [,889] [,890] [,891] [,892] [,893] [,894] [,895] [,896] [,897] [,898]
     [1,] 14 0 0 0 72 0 0 0 6 0
     [,899] [,900] [,901] [,902] [,903] [,904] [,905] [,906] [,907] [,908]
     [1,] 0 0 8 0 0 0 2 0 0 0
     [,909] [,910] [,911] [,912] [,913] [,914] [,915] [,916] [,917] [,918]
     [1,] 0 0 0 0 5 0 0 0 8 0
     [,919] [,920] [,921] [,922] [,923] [,924] [,925] [,926] [,927] [,928]
     [1,] 0 0 1 0 0 0 1 0 0 0
     [,929] [,930] [,931] [,932] [,933] [,934] [,935] [,936] [,937] [,938]
     [1,] 1 0 0 0 0 0 0 0 5 0
     [,939] [,940] [,941] [,942] [,943] [,944] [,945] [,946] [,947] [,948]
     [1,] 4 0 5 0 0 0 1 0 0 0
     [,949] [,950] [,951] [,952] [,953] [,954] [,955] [,956] [,957] [,958]
     [1,] 5 0 0 0 77 67 79 83 0 0
     [,959] [,960] [,961] [,962] [,963] [,964] [,965] [,966] [,967] [,968]
     [1,] 0 0 14 0 0 0 0 0 0 0
    
     attr(,"header")
     attr(,"header")$description
     [1] "MATLAB 5.0 MAT-file, Platform: GLNXA64, Created on: Tue Dec 29 16:24:41 2015 \xcd\001"
    
     attr(,"header")$version
     [1] "5"
    
     attr(,"header")$endian
     [1] "little"
    
     Reading MAT file: datetime,arraytype=17-v5.mat
     $MCOS
     [1] 64 61 74 65 74 69 6d 65
    
     [[2]]
     [,1]
     [1,] -587202560
     [2,] 2
     [3,] 1
     [4,] 1
     [5,] 1
     [6,] 1
    
     [[3]]
     [,1] [,2] [,3] [,4] [,5] [,6] [,7] [,8] [,9] [,10] [,11] [,12] [,13] [,14]
     [1,] 0 1 73 77 0 0 0 0 14 0 0 0 128 3
     [,15] [,16] [,17] [,18] [,19] [,20] [,21] [,22] [,23] [,24] [,25] [,26]
     [1,] 0 0 6 0 0 0 8 0 0 0 2 0
     [,27] [,28] [,29] [,30] [,31] [,32] [,33] [,34] [,35] [,36] [,37] [,38]
     [1,] 0 0 0 0 0 0 5 0 0 0 8 0
     [,39] [,40] [,41] [,42] [,43] [,44] [,45] [,46] [,47] [,48] [,49] [,50]
     [1,] 0 0 1 0 0 0 1 0 0 0 1 0
     [,51] [,52] [,53] [,54] [,55] [,56] [,57] [,58] [,59] [,60] [,61] [,62]
     [1,] 0 0 0 0 0 0 5 0 4 0 5 0
     [,63] [,64] [,65] [,66] [,67] [,68] [,69] [,70] [,71] [,72] [,73] [,74]
     [1,] 0 0 1 0 0 0 5 0 0 0 77 67
     [,75] [,76] [,77] [,78] [,79] [,80] [,81] [,82] [,83] [,84] [,85] [,86]
     [1,] 79 83 0 0 0 0 14 0 0 0 56 3
     [,87] [,88] [,89] [,90] [,91] [,92] [,93] [,94] [,95] [,96] [,97] [,98]
     [1,] 0 0 6 0 0 0 8 0 0 0 17 0
     [,99] [,100] [,101] [,102] [,103] [,104] [,105] [,106] [,107] [,108]
     [1,] 0 0 0 0 0 0 1 0 0 0
     [,109] [,110] [,111] [,112] [,113] [,114] [,115] [,116] [,117] [,118]
     [1,] 0 0 0 0 1 0 4 0 77 67
     [,119] [,120] [,121] [,122] [,123] [,124] [,125] [,126] [,127] [,128]
     [1,] 79 83 1 0 0 0 13 0 0 0
     [,129] [,130] [,131] [,132] [,133] [,134] [,135] [,136] [,137] [,138]
     [1,] 70 105 108 101 87 114 97 112 112 101
     [,139] [,140] [,141] [,142] [,143] [,144] [,145] [,146] [,147] [,148]
     [1,] 114 95 95 0 0 0 14 0 0 0
     [,149] [,150] [,151] [,152] [,153] [,154] [,155] [,156] [,157] [,158]
     [1,] 248 2 0 0 6 0 0 0 8 0
     [,159] [,160] [,161] [,162] [,163] [,164] [,165] [,166] [,167] [,168]
     [1,] 0 0 1 0 0 0 0 0 0 0
     [,169] [,170] [,171] [,172] [,173] [,174] [,175] [,176] [,177] [,178]
     [1,] 5 0 0 0 8 0 0 0 5 0
     [,179] [,180] [,181] [,182] [,183] [,184] [,185] [,186] [,187] [,188]
     [1,] 0 0 1 0 0 0 1 0 0 0
     [,189] [,190] [,191] [,192] [,193] [,194] [,195] [,196] [,197] [,198]
     [1,] 0 0 0 0 14 0 0 0 0 1
     [,199] [,200] [,201] [,202] [,203] [,204] [,205] [,206] [,207] [,208]
     [1,] 0 0 6 0 0 0 8 0 0 0
     [,209] [,210] [,211] [,212] [,213] [,214] [,215] [,216] [,217] [,218]
     [1,] 9 0 0 0 0 0 0 0 5 0
     [,219] [,220] [,221] [,222] [,223] [,224] [,225] [,226] [,227] [,228]
     [1,] 0 0 8 0 0 0 208 0 0 0
     [,229] [,230] [,231] [,232] [,233] [,234] [,235] [,236] [,237] [,238]
     [1,] 1 0 0 0 1 0 0 0 0 0
     [,239] [,240] [,241] [,242] [,243] [,244] [,245] [,246] [,247] [,248]
     [1,] 0 0 2 0 0 0 208 0 0 0
     [,249] [,250] [,251] [,252] [,253] [,254] [,255] [,256] [,257] [,258]
     [1,] 2 0 0 0 5 0 0 0 72 0
     [,259] [,260] [,261] [,262] [,263] [,264] [,265] [,266] [,267] [,268]
     [1,] 0 0 104 0 0 0 104 0 0 0
     [,269] [,270] [,271] [,272] [,273] [,274] [,275] [,276] [,277] [,278]
     [1,] 152 0 0 0 192 0 0 0 208 0
     [,279] [,280] [,281] [,282] [,283] [,284] [,285] [,286] [,287] [,288]
     [1,] 0 0 0 0 0 0 0 0 0 0
     [,289] [,290] [,291] [,292] [,293] [,294] [,295] [,296] [,297] [,298]
     [1,] 100 97 116 97 0 116 122 0 100 97
     [,299] [,300] [,301] [,302] [,303] [,304] [,305] [,306] [,307] [,308]
     [1,] 116 101 116 105 109 101 0 102 109 116
     [,309] [,310] [,311] [,312] [,313] [,314] [,315] [,316] [,317] [,318]
     [1,] 0 105 115 68 97 116 101 79 110 108
     [,319] [,320] [,321] [,322] [,323] [,324] [,325] [,326] [,327] [,328]
     [1,] 121 0 0 0 0 0 0 0 0 0
     [,329] [,330] [,331] [,332] [,333] [,334] [,335] [,336] [,337] [,338]
     [1,] 0 0 0 0 0 0 0 0 0 0
     [,339] [,340] [,341] [,342] [,343] [,344] [,345] [,346] [,347] [,348]
     [1,] 0 0 3 0 0 0 0 0 0 0
     [,349] [,350] [,351] [,352] [,353] [,354] [,355] [,356] [,357] [,358]
     [1,] 0 0 0 0 0 0 0 0 0 0
     [,359] [,360] [,361] [,362] [,363] [,364] [,365] [,366] [,367] [,368]
     [1,] 0 0 0 0 0 0 0 0 0 0
     [,369] [,370] [,371] [,372] [,373] [,374] [,375] [,376] [,377] [,378]
     [1,] 0 0 0 0 0 0 0 0 1 0
     [,379] [,380] [,381] [,382] [,383] [,384] [,385] [,386] [,387] [,388]
     [1,] 0 0 0 0 0 0 0 0 0 0
     [,389] [,390] [,391] [,392] [,393] [,394] [,395] [,396] [,397] [,398]
     [1,] 0 0 0 0 1 0 0 0 1 0
     [,399] [,400] [,401] [,402] [,403] [,404] [,405] [,406] [,407] [,408]
     [1,] 0 0 0 0 0 0 0 0 0 0
     [,409] [,410] [,411] [,412] [,413] [,414] [,415] [,416] [,417] [,418]
     [1,] 2 0 0 0 1 0 0 0 1 0
     [,419] [,420] [,421] [,422] [,423] [,424] [,425] [,426] [,427] [,428]
     [1,] 0 0 0 0 0 0 2 0 0 0
     [,429] [,430] [,431] [,432] [,433] [,434] [,435] [,436] [,437] [,438]
     [1,] 1 0 0 0 1 0 0 0 0 0
     [,439] [,440] [,441] [,442] [,443] [,444] [,445] [,446] [,447] [,448]
     [1,] 0 0 0 0 0 0 0 0 0 0
     [,449] [,450] [,451] [,452] [,453] [,454] [,455] [,456] [,457] [,458]
     [1,] 0 0 0 0 0 0 0 0 14 0
     [,459] [,460] [,461] [,462] [,463] [,464] [,465] [,466] [,467] [,468]
     [1,] 0 0 0 0 0 0 14 0 0 0
     [,469] [,470] [,471] [,472] [,473] [,474] [,475] [,476] [,477] [,478]
     [1,] 72 0 0 0 6 0 0 0 8 0
     [,479] [,480] [,481] [,482] [,483] [,484] [,485] [,486] [,487] [,488]
     [1,] 0 0 6 8 0 0 0 0 0 0
     [,489] [,490] [,491] [,492] [,493] [,494] [,495] [,496] [,497] [,498]
     [1,] 5 0 0 0 8 0 0 0 1 0
     [,499] [,500] [,501] [,502] [,503] [,504] [,505] [,506] [,507] [,508]
     [1,] 0 0 1 0 0 0 1 0 0 0
     [,509] [,510] [,511] [,512] [,513] [,514] [,515] [,516] [,517] [,518]
     [1,] 0 0 0 0 9 0 0 0 8 0
     [,519] [,520] [,521] [,522] [,523] [,524] [,525] [,526] [,527] [,528]
     [1,] 0 0 0 128 55 64 206 26 117 66
     [,529] [,530] [,531] [,532] [,533] [,534] [,535] [,536] [,537] [,538]
     [1,] 9 0 0 0 8 0 0 0 0 0
     [,539] [,540] [,541] [,542] [,543] [,544] [,545] [,546] [,547] [,548]
     [1,] 0 0 0 0 0 0 14 0 0 0
     [,549] [,550] [,551] [,552] [,553] [,554] [,555] [,556] [,557] [,558]
     [1,] 48 0 0 0 6 0 0 0 8 0
     [,559] [,560] [,561] [,562] [,563] [,564] [,565] [,566] [,567] [,568]
     [1,] 0 0 4 0 0 0 0 0 0 0
     [,569] [,570] [,571] [,572] [,573] [,574] [,575] [,576] [,577] [,578]
     [1,] 5 0 0 0 8 0 0 0 0 0
     [,579] [,580] [,581] [,582] [,583] [,584] [,585] [,586] [,587] [,588]
     [1,] 0 0 0 0 0 0 1 0 0 0
     [,589] [,590] [,591] [,592] [,593] [,594] [,595] [,596] [,597] [,598]
     [1,] 0 0 0 0 16 0 0 0 0 0
     [,599] [,600] [,601] [,602] [,603] [,604] [,605] [,606] [,607] [,608]
     [1,] 0 0 14 0 0 0 48 1 0 0
     [,609] [,610] [,611] [,612] [,613] [,614] [,615] [,616] [,617] [,618]
     [1,] 6 0 0 0 8 0 0 0 1 0
     [,619] [,620] [,621] [,622] [,623] [,624] [,625] [,626] [,627] [,628]
     [1,] 0 0 0 0 0 0 5 0 0 0
     [,629] [,630] [,631] [,632] [,633] [,634] [,635] [,636] [,637] [,638]
     [1,] 8 0 0 0 2 0 0 0 1 0
     [,639] [,640] [,641] [,642] [,643] [,644] [,645] [,646] [,647] [,648]
     [1,] 0 0 1 0 0 0 0 0 0 0
     [,649] [,650] [,651] [,652] [,653] [,654] [,655] [,656] [,657] [,658]
     [1,] 14 0 0 0 56 0 0 0 6 0
     [,659] [,660] [,661] [,662] [,663] [,664] [,665] [,666] [,667] [,668]
     [1,] 0 0 8 0 0 0 2 0 0 0
     [,669] [,670] [,671] [,672] [,673] [,674] [,675] [,676] [,677] [,678]
     [1,] 0 0 0 0 5 0 0 0 8 0
     [,679] [,680] [,681] [,682] [,683] [,684] [,685] [,686] [,687] [,688]
     [1,] 0 0 1 0 0 0 0 0 0 0
     [,689] [,690] [,691] [,692] [,693] [,694] [,695] [,696] [,697] [,698]
     [1,] 1 0 0 0 0 0 0 0 5 0
     [,699] [,700] [,701] [,702] [,703] [,704] [,705] [,706] [,707] [,708]
     [1,] 4 0 1 0 0 0 1 0 0 0
     [,709] [,710] [,711] [,712] [,713] [,714] [,715] [,716] [,717] [,718]
     [1,] 0 0 0 0 14 0 0 0 192 0
     [,719] [,720] [,721] [,722] [,723] [,724] [,725] [,726] [,727] [,728]
     [1,] 0 0 6 0 0 0 8 0 0 0
     [,729] [,730] [,731] [,732] [,733] [,734] [,735] [,736] [,737] [,738]
     [1,] 2 0 0 0 0 0 0 0 5 0
     [,739] [,740] [,741] [,742] [,743] [,744] [,745] [,746] [,747] [,748]
     [1,] 0 0 8 0 0 0 1 0 0 0
     [,749] [,750] [,751] [,752] [,753] [,754] [,755] [,756] [,757] [,758]
     [1,] 1 0 0 0 1 0 0 0 0 0
     [,759] [,760] [,761] [,762] [,763] [,764] [,765] [,766] [,767] [,768]
     [1,] 0 0 5 0 4 0 11 0 0 0
     [,769] [,770] [,771] [,772] [,773] [,774] [,775] [,776] [,777] [,778]
     [1,] 1 0 0 0 22 0 0 0 102 109
     [,779] [,780] [,781] [,782] [,783] [,784] [,785] [,786] [,787] [,788]
     [1,] 116 0 0 0 0 0 0 0 0 105
     [,789] [,790] [,791] [,792] [,793] [,794] [,795] [,796] [,797] [,798]
     [1,] 115 68 97 116 101 79 110 108 121 0
     [,799] [,800] [,801] [,802] [,803] [,804] [,805] [,806] [,807] [,808]
     [1,] 0 0 14 0 0 0 48 0 0 0
     [,809] [,810] [,811] [,812] [,813] [,814] [,815] [,816] [,817] [,818]
     [1,] 6 0 0 0 8 0 0 0 4 0
     [,819] [,820] [,821] [,822] [,823] [,824] [,825] [,826] [,827] [,828]
     [1,] 0 0 0 0 0 0 5 0 0 0
     [,829] [,830] [,831] [,832] [,833] [,834] [,835] [,836] [,837] [,838]
     [1,] 8 0 0 0 0 0 0 0 0 0
     [,839] [,840] [,841] [,842] [,843] [,844] [,845] [,846] [,847] [,848]
     [1,] 0 0 1 0 0 0 0 0 0 0
     [,849] [,850] [,851] [,852] [,853] [,854] [,855] [,856] [,857] [,858]
     [1,] 16 0 0 0 0 0 0 0 14 0
     [,859] [,860] [,861] [,862] [,863] [,864] [,865] [,866] [,867] [,868]
     [1,] 0 0 48 0 0 0 6 0 0 0
     [,869] [,870] [,871] [,872] [,873] [,874] [,875] [,876] [,877] [,878]
     [1,] 8 0 0 0 9 2 0 0 0 0
     [,879] [,880] [,881] [,882] [,883] [,884] [,885] [,886] [,887] [,888]
     [1,] 0 0 5 0 0 0 8 0 0 0
     [,889] [,890] [,891] [,892] [,893] [,894] [,895] [,896] [,897] [,898]
     [1,] 1 0 0 0 1 0 0 0 1 0
     [,899] [,900] [,901] [,902] [,903] [,904] [,905] [,906] [,907] [,908]
     [1,] 0 0 0 0 0 0 2 0 1 0
     [,909] [,910] [,911] [,912] [,913] [,914] [,915] [,916] [,917] [,918]
     [1,] 0 0 0 0 14 0 0 0 136 0
     [,919] [,920] [,921] [,922] [,923] [,924] [,925] [,926] [,927] [,928]
     [1,] 0 0 6 0 0 0 8 0 0 0
     [,929] [,930] [,931] [,932] [,933] [,934] [,935] [,936] [,937] [,938]
     [1,] 9 0 0 0 0 0 0 0 5 0
     [,939] [,940] [,941] [,942] [,943] [,944] [,945] [,946] [,947] [,948]
     [1,] 0 0 8 0 0 0 1 0 0 0
     [,949] [,950] [,951] [,952] [,953] [,954] [,955] [,956] [,957] [,958]
     [1,] 88 0 0 0 1 0 0 0 0 0
     [,959] [,960] [,961] [,962] [,963] [,964] [,965] [,966] [,967] [,968]
     [1,] 0 0 2 0 0 0 88 0 0 0
     [,969] [,970] [,971] [,972] [,973] [,974] [,975] [,976] [,977] [,978]
     [1,] 0 1 73 77 0 0 0 0 14 0
     [,979] [,980] [,981] [,982] [,983] [,984] [,985] [,986] [,987] [,988]
     [1,] 0 0 72 0 0 0 6 0 0 0
     [,989] [,990] [,991] [,992] [,993] [,994] [,995] [,996] [,997] [,998]
     [1,] 8 0 0 0 2 0 0 0 0 0
     [,999] [,1000] [,1001] [,1002] [,1003] [,1004] [,1005] [,1006] [,1007]
     [1,] 0 0 5 0 0 0 8 0 0
     [,1008] [,1009] [,1010] [,1011] [,1012] [,1013] [,1014] [,1015] [,1016]
     [1,] 0 1 0 0 0 1 0 0 0
     [,1017] [,1018] [,1019] [,1020] [,1021] [,1022] [,1023] [,1024] [,1025]
     [1,] 1 0 0 0 0 0 0 0 5
     [,1026] [,1027] [,1028] [,1029] [,1030] [,1031] [,1032] [,1033] [,1034]
     [1,] 0 4 0 5 0 0 0 1 0
     [,1035] [,1036] [,1037] [,1038] [,1039] [,1040] [,1041] [,1042] [,1043]
     [1,] 0 0 5 0 0 0 77 67 79
     [,1044] [,1045] [,1046] [,1047] [,1048] [,1049] [,1050] [,1051] [,1052]
     [1,] 83 0 0 0 0 14 0 0 0
     [,1053] [,1054] [,1055] [,1056]
     [1,] 0 0 0 0
    
     attr(,"header")
     attr(,"header")$description
     [1] "MATLAB 5.0 MAT-file, Platform: MACI64, Created on: Tue Feb 23 21:27:34 2016 \xd3"
    
     attr(,"header")$version
     [1] "5"
    
     attr(,"header")$endian
     [1] "little"
    
     Reading MAT file: struct-v5.mat
     $X
     , , 1
    
     [,1]
     x numeric,6
     y list,2
     z numeric,196
    
    
     attr(,"header")
     attr(,"header")$description
     [1] "MATLAB 5.0 MAT-file, Platform: PCWIN, Created on: Tue Aug 27 01:25:36 2002 "
    
     attr(,"header")$version
     [1] "5"
    
     attr(,"header")$endian
     [1] "little"
    
     >
     > # - - - - - - - - - - - - - - - - - - - - - - - - - - - - - - - - - -
     > # Assert that signed and unsigned integers are read correctly
     > # - - - - - - - - - - - - - - - - - - - - - - - - - - - - - - - - - -
     > bs <- readMat(file.path(path, "unsignedByte.mat"), verbose = -120)
     Opens binary file: /home/ripley/R/Lib32/R.matlab/mat-files/unsignedByte.mat
     R.matlab options...
     R.matlab::readMat/rawBufferSize: 1e+07
     R.matlab::readMat/onDecompressError: error
     R.matlab options...done
     Trying to read MAT v5 file stream.
     Read MAT v5 header:
     $description
     [1] "MATLAB 5.0 MAT-file, Platform: SOL2, Created on: Tue Feb 15 19:32:00 2005 "
    
     $version
     [1] "5"
    
     $endian
     [1] "big"
    
     Endian: big
     Reading data element...
     Reading Tag...
     Compressed tag: FALSE
     type signed.miMATRIX sizeOf.miMATRIX what nbrOfBytes
     "miMATRIX" NA NA NA "184"
     padding compressed
     "0" "FALSE"
     Reading Tag...done
     Reading (outer) miMATRIX...
     Reading miMATRIX...
     Argument 'tag':
     List of 7
     $ type : chr "miMATRIX"
     $ signed : Named logi NA
     ..- attr(*, "names")= chr "miMATRIX"
     $ sizeOf : Named int NA
     ..- attr(*, "names")= chr "miMATRIX"
     $ what : logi NA
     $ nbrOfBytes: int 184
     $ padding : int 0
     $ compressed: logi FALSE
     Reading Tag...
     Compressed tag: FALSE
     type signed.miUINT32 sizeOf.miUINT32 nbrOfBytes padding
     "miUINT32" "FALSE" "32" "8" "0"
     compressed
     "FALSE"
     Reading Tag...done
     Reading Array Flags...
     Flags:
     global complex class
     "FALSE" "FALSE" "mxDOUBLE_CLASS"
     classSize.mxDOUBLE_CLASS nzmax
     NA "0"
     Reading Array Flags...done
     Array flags:
     List of 6
     $ logical : logi FALSE
     $ global : logi FALSE
     $ complex : logi FALSE
     $ class : chr "mxDOUBLE_CLASS"
     $ classSize: Named int NA
     ..- attr(*, "names")= chr "mxDOUBLE_CLASS"
     $ nzmax : int 0
     Reading Dimensions Array...
     Reading Tag...
     Compressed tag: FALSE
     type signed.miINT32 sizeOf.miINT32 nbrOfBytes padding
     "miINT32" "TRUE" "32" "8" "0"
     compressed
     "FALSE"
     Reading Tag...done
     Reading 2 integers each of size 4 bytes.
     Reading 0 padding bytes.
     $dim
     [1] 1 130
    
     Reading Dimensions Array...done
     Reading Array Name...
     Reading Tag...
     Compressed tag: TRUE
     type signed.miINT8 sizeOf.miINT8 nbrOfBytes padding
     "miINT8" "TRUE" "8" "1" "3"
     compressed
     "TRUE"
     Reading Tag...done
     Reading 1 characters.
     Reading 3 padding bytes.
     Name: 'A'
     Reading Array Name...done
     Array name: 'A'
     Reading Values...
     Reading Tag...
     Compressed tag: FALSE
     type signed.miUINT8 sizeOf.miUINT8 nbrOfBytes padding
     "miUINT8" "FALSE" "8" "130" "6"
     compressed
     "FALSE"
     Reading Tag...done
     Reading 130 values each of 1 bytes. In total 130 bytes.
     int [1:130] 126 127 128 129 130 131 132 133 134 135 ...
     Error in nchar(x, type = "w", allowNA = TRUE) :
     invalid multibyte string, element 35
     Calls: readMat ... eval -> str -> str.default -> maybe_truncate -> nchar.w
     Reading Values...done
     Reading miMATRIX...done
     Binary file closed.
     Execution halted
Flavor: r-patched-solaris-x86