CRAN Package Check Results for Package R.matlab

Last updated on 2024-06-21 06:58:21 CEST.

Flavor Version Tinstall Tcheck Ttotal Status Flags
r-devel-linux-x86_64-debian-clang 3.7.0 5.41 68.46 73.87 NOTE
r-devel-linux-x86_64-debian-gcc 3.7.0 4.51 49.06 53.57 NOTE
r-devel-linux-x86_64-fedora-clang 3.7.0 97.05 NOTE
r-devel-linux-x86_64-fedora-gcc 3.7.0 83.99 NOTE
r-devel-windows-x86_64 3.7.0 5.00 1793.00 1798.00 NOTE
r-patched-linux-x86_64 3.7.0 6.41 64.35 70.76 NOTE
r-release-linux-x86_64 3.7.0 4.60 64.77 69.37 NOTE
r-release-macos-arm64 3.7.0 30.00 NOTE
r-release-macos-x86_64 3.7.0 41.00 NOTE
r-release-windows-x86_64 3.7.0 5.00 1993.00 1998.00 NOTE
r-oldrel-macos-arm64 3.7.0 30.00 OK
r-oldrel-macos-x86_64 3.7.0 51.00 OK
r-oldrel-windows-x86_64 3.7.0 7.00 797.00 804.00 OK

Check Details

Version: 3.7.0
Check: Rd files
Result: NOTE checkRd: (-1) setOption.Matlab.Rd:37-39: Lost braces in \itemize; meant \describe ? checkRd: (-1) setOption.Matlab.Rd:40-41: Lost braces in \itemize; meant \describe ? Flavors: r-devel-linux-x86_64-debian-clang, r-devel-linux-x86_64-debian-gcc, r-devel-linux-x86_64-fedora-clang, r-devel-linux-x86_64-fedora-gcc, r-devel-windows-x86_64, r-patched-linux-x86_64, r-release-linux-x86_64, r-release-macos-arm64, r-release-macos-x86_64, r-release-windows-x86_64