CRAN Package Check Results for Package R.rsp

Last updated on 2020-11-30 00:46:49 CET.

Flavor Version Tinstall Tcheck Ttotal Status Flags
r-devel-linux-x86_64-debian-clang 0.44.0 18.19 158.59 176.78 OK
r-devel-linux-x86_64-debian-gcc 0.44.0 11.81 123.48 135.29 OK
r-devel-linux-x86_64-fedora-clang 0.44.0 218.13 OK
r-devel-linux-x86_64-fedora-gcc 0.44.0 208.42 OK
r-devel-windows-ix86+x86_64 0.44.0 23.00 361.00 384.00 OK
r-patched-linux-x86_64 0.44.0 17.41 156.43 173.84 OK
r-patched-solaris-x86 0.44.0 284.70 OK
r-release-linux-x86_64 0.44.0 14.25 155.90 170.15 OK
r-release-macos-x86_64 0.44.0 OK
r-release-windows-ix86+x86_64 0.44.0 24.00 324.00 348.00 OK
r-oldrel-macos-x86_64 0.44.0 NOTE
r-oldrel-windows-ix86+x86_64 0.44.0 22.00 415.00 437.00 OK

Check Details

Version: 0.44.0
Check: dependencies in R code
Result: NOTE
    No protocol specified
    No protocol specified
Flavor: r-oldrel-macos-x86_64