CRAN Package Check Results for Package R2DGC

Last updated on 2019-10-17 01:49:12 CEST.

Flavor Version Tinstall Tcheck Ttotal Status Flags
r-devel-linux-x86_64-debian-clang 1.0.3 3.56 32.57 36.13 NOTE
r-devel-linux-x86_64-debian-gcc 1.0.3 2.89 26.80 29.69 NOTE
r-devel-linux-x86_64-fedora-clang 1.0.3 46.48 OK
r-devel-linux-x86_64-fedora-gcc 1.0.3 47.21 OK
r-devel-windows-ix86+x86_64 1.0.3 10.00 72.00 82.00 NOTE
r-patched-linux-x86_64 1.0.3 2.95 32.87 35.82 OK
r-patched-solaris-x86 1.0.3 56.00 OK
r-release-linux-x86_64 1.0.3 2.86 33.26 36.12 OK
r-release-windows-ix86+x86_64 1.0.3 8.00 79.00 87.00 OK
r-release-osx-x86_64 1.0.3 OK
r-oldrel-windows-ix86+x86_64 1.0.3 4.00 69.00 73.00 OK
r-oldrel-osx-x86_64 1.0.3 OK

Check Details

Version: 1.0.3
Check: package vignettes
Result: NOTE
    Package vignette with placeholder title 'Vignette Title':
     'R2DGC.Rmd'
Flavors: r-devel-linux-x86_64-debian-clang, r-devel-linux-x86_64-debian-gcc, r-devel-windows-ix86+x86_64