CRAN Package Check Results for Package R2MLwiN

Last updated on 2020-07-03 01:49:11 CEST.

Flavor Version Tinstall Tcheck Ttotal Status Flags
r-devel-linux-x86_64-debian-clang 0.8-7 56.51 181.72 238.23 OK
r-devel-linux-x86_64-debian-gcc 0.8-7 46.25 137.69 183.94 OK
r-devel-linux-x86_64-fedora-clang 0.8-7 319.64 NOTE
r-devel-linux-x86_64-fedora-gcc 0.8-7 303.13 OK
r-devel-windows-ix86+x86_64 0.8-7 114.00 244.00 358.00 OK
r-patched-linux-x86_64 0.8-7 52.27 179.71 231.98 OK
r-release-linux-x86_64 0.8-7 52.79 177.88 230.67 OK
r-release-osx-x86_64 0.8-6 OK
r-release-windows-ix86+x86_64 0.8-7 109.00 241.00 350.00 OK
r-oldrel-osx-x86_64 0.8-7 OK
r-oldrel-windows-ix86+x86_64 0.8-7 77.00 182.00 259.00 OK

Check Details

Version: 0.8-7
Check: Rd cross-references
Result: NOTE
    Undeclared package ‘generics’ in Rd xrefs
Flavor: r-devel-linux-x86_64-fedora-clang