CRAN Package Check Results for Package R2OpenBUGS

Last updated on 2024-05-22 06:56:50 CEST.

Flavor Version Tinstall Tcheck Ttotal Status Flags
r-devel-linux-x86_64-debian-clang 3.2-3.2.1 5.22 49.32 54.54 NOTE
r-devel-linux-x86_64-debian-gcc 3.2-3.2.1 3.69 38.11 41.80 NOTE
r-devel-linux-x86_64-fedora-clang 3.2-3.2.1 69.10 NOTE
r-devel-linux-x86_64-fedora-gcc 3.2-3.2.1 77.69 NOTE
r-devel-windows-x86_64 3.2-3.2.1 4.00 79.00 83.00 NOTE
r-patched-linux-x86_64 3.2-3.2.1 5.75 48.94 54.69 NOTE
r-release-linux-x86_64 3.2-3.2.1 3.33 47.66 50.99 NOTE
r-release-macos-arm64 3.2-3.2.1 30.00 NOTE
r-release-windows-x86_64 3.2-3.2.1 4.00 80.00 84.00 NOTE
r-oldrel-macos-arm64 3.2-3.2.1 31.00 OK
r-oldrel-macos-x86_64 3.2-3.2.1 46.00 OK
r-oldrel-windows-x86_64 3.2-3.2.1 6.00 74.00 80.00 OK

Check Details

Version: 3.2-3.2.1
Check: R code for possible problems
Result: NOTE Found the following calls to attach(): File ‘R2OpenBUGS/R/attach.all.R’: attach(x, name = name) See section ‘Good practice’ in ‘?attach’. Flavors: r-devel-linux-x86_64-debian-clang, r-devel-linux-x86_64-debian-gcc, r-patched-linux-x86_64, r-release-linux-x86_64

Version: 3.2-3.2.1
Check: Rd files
Result: NOTE checkRd: (-1) bugs.Rd:158: Lost braces in \itemize; meant \describe ? checkRd: (-1) bugs.Rd:163: Lost braces in \itemize; meant \describe ? checkRd: (-1) bugs.Rd:164: Lost braces in \itemize; meant \describe ? checkRd: (-1) bugs.Rd:166: Lost braces in \itemize; meant \describe ? Flavors: r-devel-linux-x86_64-debian-clang, r-devel-linux-x86_64-debian-gcc, r-devel-linux-x86_64-fedora-clang, r-devel-linux-x86_64-fedora-gcc, r-devel-windows-x86_64, r-patched-linux-x86_64, r-release-linux-x86_64, r-release-macos-arm64, r-release-windows-x86_64