CRAN Package Check Results for Package R2WinBUGS

Last updated on 2020-08-06 02:09:34 CEST.

Flavor Version Tinstall Tcheck Ttotal Status Flags
r-devel-linux-x86_64-debian-clang 2.1-21 4.90 42.65 47.55 NOTE
r-devel-linux-x86_64-debian-gcc 2.1-21 3.50 32.68 36.18 NOTE
r-devel-linux-x86_64-fedora-clang 2.1-21 64.48 OK
r-devel-linux-x86_64-fedora-gcc 2.1-21 55.57 OK
r-devel-windows-ix86+x86_64 2.1-21 11.00 56.00 67.00 OK
r-patched-linux-x86_64 2.1-21 5.31 42.44 47.75 NOTE
r-patched-solaris-x86 2.1-21 80.80 NOTE
r-release-linux-x86_64 2.1-21 4.55 42.79 47.34 NOTE
r-release-macos-x86_64 2.1-21 NOTE
r-release-windows-ix86+x86_64 2.1-21 14.00 76.00 90.00 OK
r-oldrel-macos-x86_64 2.1-21 NOTE
r-oldrel-windows-ix86+x86_64 2.1-21 7.00 69.00 76.00 OK

Check Details

Version: 2.1-21
Check: R code for possible problems
Result: NOTE
    Found the following calls to attach():
    File 'R2WinBUGS/R/attach.all.R':
     attach(x, name = name)
    See section 'Good practice' in '?attach'.
Flavors: r-devel-linux-x86_64-debian-clang, r-devel-linux-x86_64-debian-gcc, r-patched-linux-x86_64, r-release-linux-x86_64

Version: 2.1-21
Check: package dependencies
Result: NOTE
    Package suggested but not available for checking: ‘BRugs’
Flavors: r-patched-solaris-x86, r-release-macos-x86_64, r-oldrel-macos-x86_64

Version: 2.1-21
Check: Rd cross-references
Result: NOTE
    Package unavailable to check Rd xrefs: ‘BRugs’
Flavors: r-release-macos-x86_64, r-oldrel-macos-x86_64