CRAN Package Check Results for Package RBtest

Last updated on 2021-09-26 01:50:02 CEST.

Flavor Version Tinstall Tcheck Ttotal Status Flags
r-devel-linux-x86_64-debian-clang 1.1 4.85 55.28 60.13 NOTE
r-devel-linux-x86_64-debian-gcc 1.1 4.89 41.45 46.34 NOTE
r-devel-linux-x86_64-fedora-clang 1.1 81.68 NOTE
r-devel-linux-x86_64-fedora-gcc 1.1 71.24 NOTE
r-devel-windows-x86_64 1.1 7.00 53.00 60.00 NOTE
r-devel-windows-x86_64-gcc10-UCRT 1.1 NOTE
r-patched-linux-x86_64 1.1 5.63 51.36 56.99 NOTE
r-patched-solaris-x86 1.1 99.70 NOTE
r-release-linux-x86_64 1.1 5.80 51.58 57.38 NOTE
r-release-macos-arm64 1.1 NOTE
r-release-macos-x86_64 1.1 NOTE
r-release-windows-ix86+x86_64 1.1 15.00 76.00 91.00 NOTE
r-oldrel-macos-x86_64 1.1 OK
r-oldrel-windows-ix86+x86_64 1.1 11.00 57.00 68.00 OK

Check Details

Version: 1.1
Check: LazyData
Result: NOTE
     'LazyData' is specified without a 'data' directory
Flavors: r-devel-linux-x86_64-debian-clang, r-devel-linux-x86_64-debian-gcc, r-devel-linux-x86_64-fedora-clang, r-devel-linux-x86_64-fedora-gcc, r-devel-windows-x86_64, r-devel-windows-x86_64-gcc10-UCRT, r-patched-linux-x86_64, r-patched-solaris-x86, r-release-linux-x86_64, r-release-macos-arm64, r-release-macos-x86_64, r-release-windows-ix86+x86_64