CRAN Package Check Results for Package RCDT

Last updated on 2023-02-06 00:52:40 CET.

Flavor Version Tinstall Tcheck Ttotal Status Flags
r-devel-linux-x86_64-debian-clang 1.2.1 42.83 55.21 98.04 NOTE
r-devel-linux-x86_64-debian-gcc 1.2.1 32.73 43.08 75.81 NOTE
r-devel-linux-x86_64-fedora-clang 1.2.1 132.90 NOTE
r-devel-linux-x86_64-fedora-gcc 1.2.1 136.62 NOTE
r-devel-windows-x86_64 1.2.1 149.00 112.00 261.00 NOTE
r-patched-linux-x86_64 1.2.1 38.68 54.87 93.55 OK
r-release-linux-x86_64 1.2.1 35.87 55.62 91.49 OK
r-release-macos-arm64 1.2.1 36.00 OK
r-release-macos-x86_64 1.2.1 50.00 OK
r-release-windows-x86_64 1.2.1 67.00 113.00 180.00 OK
r-oldrel-macos-arm64 1.2.1 40.00 OK
r-oldrel-macos-x86_64 1.2.1 51.00 OK
r-oldrel-windows-ix86+x86_64 1.2.1 103.00 142.00 245.00 OK

Check Details

Version: 1.2.1
Check: C++ specification
Result: NOTE
     Specified C++14: please update to current default of C++17
Flavors: r-devel-linux-x86_64-debian-clang, r-devel-linux-x86_64-debian-gcc, r-devel-linux-x86_64-fedora-clang, r-devel-linux-x86_64-fedora-gcc, r-devel-windows-x86_64