CRAN Package Check Results for Package RCarb

Last updated on 2021-09-23 01:49:53 CEST.

Flavor Version Tinstall Tcheck Ttotal Status Flags
r-devel-linux-x86_64-debian-clang 0.1.4 2.79 31.48 34.27 OK
r-devel-linux-x86_64-debian-gcc 0.1.4 2.15 24.57 26.72 OK
r-devel-linux-x86_64-fedora-clang 0.1.4 50.82 OK
r-devel-linux-x86_64-fedora-gcc 0.1.4 40.39 OK
r-devel-windows-x86_64 0.1.4 4.00 36.00 40.00 OK
r-devel-windows-x86_64-gcc10-UCRT 0.1.4 ERROR
r-patched-linux-x86_64 0.1.4 3.45 30.52 33.97 OK
r-patched-solaris-x86 0.1.4 62.60 OK
r-release-linux-x86_64 0.1.4 2.86 30.23 33.09 OK
r-release-macos-arm64 0.1.4 OK
r-release-macos-x86_64 0.1.4 OK
r-release-windows-ix86+x86_64 0.1.4 6.00 56.00 62.00 OK
r-oldrel-macos-x86_64 0.1.4 OK
r-oldrel-windows-ix86+x86_64 0.1.4 4.00 35.00 39.00 OK

Check Details

Version: 0.1.4
Check: PDF version of manual
Result: WARN
    LaTeX errors when creating PDF version.
    This typically indicates Rd problems.
Flavor: r-devel-windows-x86_64-gcc10-UCRT

Version: 0.1.4
Check: PDF version of manual without hyperrefs or index
Result: ERROR
    Re-running with no redirection of stdout/stderr.
Flavor: r-devel-windows-x86_64-gcc10-UCRT