CRAN Package Check Results for Package RCzechia

Last updated on 2020-04-09 01:53:23 CEST.

Flavor Version Tinstall Tcheck Ttotal Status Flags
r-devel-linux-x86_64-debian-clang 1.4.5 4.60 266.78 271.38 ERROR
r-devel-linux-x86_64-debian-gcc 1.4.5 4.02 191.82 195.84 OK
r-devel-linux-x86_64-fedora-clang 1.4.5 352.71 OK
r-devel-linux-x86_64-fedora-gcc 1.4.5 322.72 OK
r-devel-windows-ix86+x86_64 1.4.5 13.00 383.00 396.00 OK
r-devel-windows-ix86+x86_64-gcc8 1.4.5 13.00 325.00 338.00 OK
r-patched-linux-x86_64 1.4.5 4.49 262.84 267.33 OK
r-patched-solaris-x86 1.4.5 547.00 OK
r-release-linux-x86_64 1.4.5 4.72 254.51 259.23 OK
r-release-windows-ix86+x86_64 1.4.5 10.00 409.00 419.00 OK
r-release-osx-x86_64 1.4.5 OK
r-oldrel-windows-ix86+x86_64 1.4.5 10.00 425.00 435.00 OK
r-oldrel-osx-x86_64 1.4.5 OK

Check Details

Version: 1.4.5
Check: examples
Result: ERROR
    Running examples in 'RCzechia-Ex.R' failed
    The error most likely occurred in:
    
    > base::assign(".ptime", proc.time(), pos = "CheckExEnv")
    > ### Name: geocode
    > ### Title: Geocode a Czech Address
    > ### Aliases: geocode
    >
    > ### ** Examples
    >
    > <ERROR: re-encoding failure from encoding 'UTF-8'>
    asdf <- geocode("Pod sídlišt...
    + print(asdf)
    +
    +
    +
    + base::assign(".dptime", (proc.time() - get(".ptime", pos = "CheckExEnv")), pos = "CheckExEnv")
    Error: unexpected symbol in:
    "
    base::assign(".dptime"
    Execution halted
Flavor: r-devel-linux-x86_64-debian-clang