Last updated on 2023-11-30 07:52:47 CET.
Flavor | Version | Tinstall | Tcheck | Ttotal | Status | Flags |
---|---|---|---|---|---|---|
r-devel-linux-x86_64-debian-clang | 1.0.11 | 39.94 | 100.58 | 140.52 | WARN | |
r-devel-linux-x86_64-debian-gcc | 1.0.11 | 33.95 | 74.76 | 108.71 | OK | |
r-devel-linux-x86_64-fedora-clang | 1.0.11 | 180.39 | WARN | |||
r-devel-linux-x86_64-fedora-gcc | 1.0.11 | 193.82 | OK | |||
r-devel-windows-x86_64 | 1.0.11 | 36.00 | 84.00 | 120.00 | OK | |
r-patched-linux-x86_64 | 1.0.11 | 30.53 | 97.53 | 128.06 | OK | |
r-release-linux-x86_64 | 1.0.11 | 30.37 | 97.26 | 127.63 | OK | |
r-release-macos-arm64 | 1.0.11 | 65.00 | OK | |||
r-release-macos-x86_64 | 1.0.11 | 153.00 | OK | |||
r-release-windows-x86_64 | 1.0.11 | 49.00 | 102.00 | 151.00 | OK | |
r-oldrel-macos-arm64 | 1.0.11 | 54.00 | OK | |||
r-oldrel-macos-x86_64 | 1.0.11 | 68.00 | OK | |||
r-oldrel-windows-x86_64 | 1.0.11 | 45.00 | 101.00 | 146.00 | OK |
Version: 1.0.11
Check: whether package can be installed
Result: WARN
Found the following significant warnings:
randomForestSRC.c:27279:11: warning: format string is not a string literal (potentially insecure) [-Wformat-security]
See ‘/home/hornik/tmp/R.check/r-devel-clang/Work/PKGS/RFCCA.Rcheck/00install.out’ for details.
* used C compiler: ‘Debian clang version 17.0.5 (1)’
Flavor: r-devel-linux-x86_64-debian-clang
Version: 1.0.11
Check: whether package can be installed
Result: WARN
Found the following significant warnings:
randomForestSRC.c:27279:11: warning: format string is not a string literal (potentially insecure) [-Wformat-security]
See ‘/data/gannet/ripley/R/packages/tests-clang/RFCCA.Rcheck/00install.out’ for details.
* used C compiler: ‘clang version 17.0.5’
Flavor: r-devel-linux-x86_64-fedora-clang