CRAN Package Check Results for Package RFmerge

Last updated on 2020-03-29 00:47:31 CET.

Flavor Version Tinstall Tcheck Ttotal Status Flags
r-devel-linux-x86_64-debian-clang 0.1-6 WARN
r-devel-linux-x86_64-debian-gcc 0.1-6 8.42 85.44 93.86 WARN
r-devel-linux-x86_64-fedora-clang 0.1-6 146.68 WARN
r-devel-linux-x86_64-fedora-gcc 0.1-6 144.91 WARN
r-devel-windows-ix86+x86_64 0.1-6 19.00 164.00 183.00 OK
r-devel-windows-ix86+x86_64-gcc8 0.1-6 22.00 177.00 199.00 OK
r-patched-linux-x86_64 0.1-6 10.79 108.17 118.96 WARN
r-patched-solaris-x86 0.1-6 199.40 WARN
r-release-linux-x86_64 0.1-6 7.80 100.20 108.00 WARN
r-release-windows-ix86+x86_64 0.1-6 25.00 231.00 256.00 OK
r-release-osx-x86_64 0.1-6 OK
r-oldrel-windows-ix86+x86_64 0.1-6 14.00 237.00 251.00 OK
r-oldrel-osx-x86_64 0.1-6 OK

Check Details

Version: 0.1-6
Check: re-building of vignette outputs
Result: WARN
    Error(s) in re-building vignettes:
     ...
    --- re-building 'RFmerge-RainfallExample-minimal.Rmd' using rmarkdown
    
    Attaching package: 'zoo'
    
    The following objects are masked from 'package:base':
    
     as.Date, as.Date.numeric
    
    Linking to GEOS 3.8.0, GDAL 3.0.4, PROJ 7.0.0
    Loading required package: sp
    rgdal: version: 1.4-8, (SVN revision 845)
     Geospatial Data Abstraction Library extensions to R successfully loaded
     Loaded GDAL runtime: GDAL 3.0.4, released 2020/01/28
     Path to GDAL shared files:
     GDAL binary built with GEOS: TRUE
     Loaded PROJ.4 runtime: Rel. 7.0.0, March 1st, 2020, [PJ_VERSION: 700]
     Path to PROJ.4 shared files: (autodetected)
     Linking to sp version: 1.4-1
    (C) 2019 M. Zambrano-Bigiarini and Oscar M. Baez-Villanueva (GPL >=3 license)
    Type 'citation('RFmerge')' to see how to cite this package
    Quitting from lines 268-274 (RFmerge-RainfallExample-minimal.Rmd)
    Error: processing vignette 'RFmerge-RainfallExample-minimal.Rmd' failed with diagnostics:
    argument is of length zero
    --- failed re-building 'RFmerge-RainfallExample-minimal.Rmd'
    
    SUMMARY: processing the following file failed:
     'RFmerge-RainfallExample-minimal.Rmd'
    
    Error: Vignette re-building failed.
    Execution halted
Flavors: r-devel-linux-x86_64-debian-clang, r-devel-linux-x86_64-debian-gcc, r-patched-linux-x86_64, r-release-linux-x86_64

Version: 0.1-6
Check: re-building of vignette outputs
Result: WARN
    Error(s) in re-building vignettes:
    --- re-building ‘RFmerge-RainfallExample-minimal.Rmd’ using rmarkdown
    
    Attaching package: 'zoo'
    
    The following objects are masked from 'package:base':
    
     as.Date, as.Date.numeric
    
    Linking to GEOS 3.7.1, GDAL 2.3.2, PROJ 5.2.0
    Loading required package: sp
    rgdal: version: 1.4-8, (SVN revision 845)
     Geospatial Data Abstraction Library extensions to R successfully loaded
     Loaded GDAL runtime: GDAL 2.3.2, released 2018/09/21
     Path to GDAL shared files: /usr/share/gdal
     GDAL binary built with GEOS: TRUE
     Loaded PROJ.4 runtime: Rel. 5.2.0, September 15th, 2018, [PJ_VERSION: 520]
     Path to PROJ.4 shared files: (autodetected)
     Linking to sp version: 1.4-1
    (C) 2019 M. Zambrano-Bigiarini and Oscar M. Baez-Villanueva (GPL >=3 license)
    Type 'citation('RFmerge')' to see how to cite this package
    Quitting from lines 268-274 (RFmerge-RainfallExample-minimal.Rmd)
    Error: processing vignette 'RFmerge-RainfallExample-minimal.Rmd' failed with diagnostics:
    argument is of length zero
    --- failed re-building ‘RFmerge-RainfallExample-minimal.Rmd’
    
    SUMMARY: processing the following file failed:
     ‘RFmerge-RainfallExample-minimal.Rmd’
    
    Error: Vignette re-building failed.
    Execution halted
Flavors: r-devel-linux-x86_64-fedora-clang, r-devel-linux-x86_64-fedora-gcc

Version: 0.1-6
Check: re-building of vignette outputs
Result: WARN
    Error(s) in re-building vignettes:
     ...
    --- re-building ‘RFmerge-RainfallExample-minimal.Rmd’ using rmarkdown
    Warning in engine$weave(file, quiet = quiet, encoding = enc) :
     Pandoc (>= 1.12.3) and/or pandoc-citeproc not available. Falling back to R Markdown v1.
    
    Attaching package: 'zoo'
    
    The following objects are masked from 'package:base':
    
     as.Date, as.Date.numeric
    
    Linking to GEOS 3.6.3, GDAL 2.2.4, PROJ 5.2.0
    Loading required package: sp
    rgdal: version: 1.4-8, (SVN revision 845)
     Geospatial Data Abstraction Library extensions to R successfully loaded
     Loaded GDAL runtime: GDAL 2.2.4, released 2018/03/19
     Path to GDAL shared files: /usr/local/share/gdal
     GDAL binary built with GEOS: TRUE
     Loaded PROJ.4 runtime: Rel. 5.2.0, September 15th, 2018, [PJ_VERSION: 520]
     Path to PROJ.4 shared files: (autodetected)
     Linking to sp version: 1.4-1
    (C) 2019 M. Zambrano-Bigiarini and Oscar M. Baez-Villanueva (GPL >=3 license)
    Type 'citation('RFmerge')' to see how to cite this package
    Quitting from lines 268-274 (RFmerge-RainfallExample-minimal.Rmd)
    Error: processing vignette 'RFmerge-RainfallExample-minimal.Rmd' failed with diagnostics:
    argument is of length zero
    --- failed re-building ‘RFmerge-RainfallExample-minimal.Rmd’
    
    SUMMARY: processing the following file failed:
     ‘RFmerge-RainfallExample-minimal.Rmd’
    
    Error: Vignette re-building failed.
    Execution halted
Flavor: r-patched-solaris-x86