Last updated on 2023-01-30 01:53:43 CET.
Flavor | Version | Tinstall | Tcheck | Ttotal | Status | Flags |
---|---|---|---|---|---|---|
r-devel-linux-x86_64-debian-clang | 3.0-2 | 13.52 | 93.33 | 106.85 | OK | |
r-devel-linux-x86_64-debian-gcc | 3.0-2 | 9.94 | 70.30 | 80.24 | OK | |
r-devel-linux-x86_64-fedora-clang | 3.0-2 | 137.96 | OK | |||
r-devel-linux-x86_64-fedora-gcc | 3.0-2 | 130.95 | OK | |||
r-devel-windows-x86_64 | 3.0-2 | 71.00 | 120.00 | 191.00 | OK | |
r-patched-linux-x86_64 | 3.0-2 | 11.61 | 91.48 | 103.09 | OK | |
r-release-linux-x86_64 | 3.0-2 | 11.70 | 92.73 | 104.43 | OK | |
r-release-macos-arm64 | 3.0-2 | 32.00 | OK | |||
r-release-macos-x86_64 | 3.0-2 | 66.00 | OK | |||
r-release-windows-x86_64 | 3.0-2 | 70.00 | 120.00 | 190.00 | OK | |
r-oldrel-macos-arm64 | 3.0-2 | 44.00 | NOTE | |||
r-oldrel-macos-x86_64 | 3.0-2 | 59.00 | OK | |||
r-oldrel-windows-ix86+x86_64 | 3.0-2 | 28.00 | 113.00 | 141.00 | OK |
Version: 3.0-2
Check: package dependencies
Result: NOTE
Packages suggested but not available for checking: 'showtext', 'sysfonts'
Flavor: r-oldrel-macos-arm64