Last updated on 2022-05-22 01:51:36 CEST.
Flavor | Version | Tinstall | Tcheck | Ttotal | Status | Flags |
---|---|---|---|---|---|---|
r-devel-linux-x86_64-debian-clang | 4.2.6 | 20.60 | 157.26 | 177.86 | OK | |
r-devel-linux-x86_64-debian-gcc | 4.2.6 | 13.78 | 117.33 | 131.11 | OK | |
r-devel-linux-x86_64-fedora-clang | 4.2.6 | 206.11 | NOTE | |||
r-devel-linux-x86_64-fedora-gcc | 4.2.6 | 202.32 | OK | |||
r-devel-windows-x86_64 | 4.2.6 | 58.00 | 174.00 | 232.00 | OK | |
r-patched-linux-x86_64 | 4.2.6 | 21.03 | 146.20 | 167.23 | OK | |
r-release-linux-x86_64 | 4.2.6 | 12.24 | 148.32 | 160.56 | OK | |
r-release-macos-arm64 | 4.2.6 | 53.00 | OK | |||
r-release-macos-x86_64 | 4.2.6 | 94.00 | OK | |||
r-release-windows-x86_64 | 4.2.6 | 51.00 | 172.00 | 223.00 | OK | |
r-oldrel-macos-arm64 | 4.2.6 | 55.00 | OK | |||
r-oldrel-macos-x86_64 | 4.2.6 | 82.00 | OK | |||
r-oldrel-windows-ix86+x86_64 | 4.2.6 | 43.00 | 207.00 | 250.00 | OK |
Version: 4.2.6
Check: Rd cross-references
Result: NOTE
Undeclared packages ‘tseries’, ‘TSA’ in Rd xrefs
Flavor: r-devel-linux-x86_64-fedora-clang