CRAN Package Check Results for Package RISmed

Last updated on 2022-07-05 01:52:20 CEST.

Flavor Version Tinstall Tcheck Ttotal Status Flags
r-devel-linux-x86_64-debian-clang 2.3.0 9.14 45.79 54.93 OK
r-devel-linux-x86_64-debian-gcc 2.3.0 5.52 35.39 40.91 OK
r-devel-linux-x86_64-fedora-clang 2.3.0 73.82 NOTE
r-devel-linux-x86_64-fedora-gcc 2.3.0 73.12 NOTE
r-devel-windows-x86_64 2.3.0 83.00 83.00 166.00 OK
r-patched-linux-x86_64 2.3.0 9.88 41.86 51.74 OK
r-release-linux-x86_64 2.3.0 7.00 41.95 48.95 OK
r-release-macos-arm64 2.3.0 24.00 NOTE
r-release-macos-x86_64 2.3.0 34.00 NOTE
r-release-windows-x86_64 2.3.0 52.00 80.00 132.00 OK
r-oldrel-macos-arm64 2.3.0 28.00 NOTE
r-oldrel-macos-x86_64 2.3.0 36.00 NOTE
r-oldrel-windows-ix86+x86_64 2.3.0 18.00 70.00 88.00 OK

Check Details

Version: 2.3.0
Check: dependencies in R code
Result: NOTE
    Namespace in Imports field not imported from: ‘httr’
     All declared Imports should be used.
Flavors: r-devel-linux-x86_64-fedora-clang, r-devel-linux-x86_64-fedora-gcc, r-release-macos-arm64, r-release-macos-x86_64, r-oldrel-macos-arm64, r-oldrel-macos-x86_64

Version: 2.3.0
Check: data for non-ASCII characters
Result: NOTE
     Note: found 243 marked UTF-8 strings
Flavors: r-devel-linux-x86_64-fedora-clang, r-devel-linux-x86_64-fedora-gcc, r-release-macos-arm64, r-release-macos-x86_64, r-oldrel-macos-arm64, r-oldrel-macos-x86_64