Last updated on 2023-03-23 06:52:33 CET.
Flavor | Version | Tinstall | Tcheck | Ttotal | Status | Flags |
---|---|---|---|---|---|---|
r-devel-linux-x86_64-debian-clang | 1.3.3 | 105.52 | 105.00 | 210.52 | OK | |
r-devel-linux-x86_64-debian-gcc | 1.3.3 | 84.46 | 80.62 | 165.08 | OK | |
r-devel-linux-x86_64-fedora-clang | 1.3.3 | 291.74 | NOTE | |||
r-devel-linux-x86_64-fedora-gcc | 1.3.3 | 271.08 | NOTE | |||
r-devel-windows-x86_64 | 1.3.3 | 165.00 | 198.00 | 363.00 | OK | |
r-patched-linux-x86_64 | 1.3.3 | 105.14 | 97.06 | 202.20 | OK | |
r-release-linux-x86_64 | 1.3.3 | 94.88 | 96.70 | 191.58 | OK | |
r-release-macos-arm64 | 1.3.3 | 73.00 | NOTE | |||
r-release-macos-x86_64 | 1.3.3 | 94.00 | NOTE | |||
r-release-windows-x86_64 | 1.3.3 | 151.00 | 359.00 | 510.00 | OK | |
r-oldrel-macos-arm64 | 1.3.3 | 122.00 | NOTE | |||
r-oldrel-macos-x86_64 | 1.3.3 | 150.00 | NOTE | |||
r-oldrel-windows-ix86+x86_64 | 1.3.3 | 156.00 | 151.00 | 307.00 | OK |
Version: 1.3.3
Check: dependencies in R code
Result: NOTE
Namespaces in Imports field not imported from:
‘Matrix’ ‘arules’ ‘pmml’ ‘rJava’
All declared Imports should be used.
Flavors: r-devel-linux-x86_64-fedora-clang, r-devel-linux-x86_64-fedora-gcc, r-release-macos-arm64, r-release-macos-x86_64, r-oldrel-macos-arm64, r-oldrel-macos-x86_64