Last updated on 2021-01-23 00:48:49 CET.
Flavor | Version | Tinstall | Tcheck | Ttotal | Status | Flags |
---|---|---|---|---|---|---|
r-devel-linux-x86_64-debian-clang | 1.3.2 | 98.94 | 94.28 | 193.22 | OK | |
r-devel-linux-x86_64-debian-gcc | 1.3.2 | 82.61 | 70.28 | 152.89 | OK | |
r-devel-linux-x86_64-fedora-clang | 1.3.2 | 256.84 | NOTE | |||
r-devel-linux-x86_64-fedora-gcc | 1.3.2 | 262.09 | NOTE | |||
r-devel-windows-ix86+x86_64 | 1.3.2 | 147.00 | 138.00 | 285.00 | OK | |
r-patched-linux-x86_64 | 1.3.2 | 87.96 | 90.73 | 178.69 | OK | |
r-release-linux-x86_64 | 1.3.2 | 94.85 | 92.68 | 187.53 | OK | |
r-release-macos-x86_64 | 1.3.2 | NOTE | ||||
r-release-windows-ix86+x86_64 | 1.3.2 | 145.00 | 150.00 | 295.00 | OK | |
r-oldrel-macos-x86_64 | 1.3.2 | NOTE | ||||
r-oldrel-windows-ix86+x86_64 | 1.3.2 | 99.00 | 101.00 | 200.00 | OK |
Version: 1.3.2
Check: dependencies in R code
Result: NOTE
Namespaces in Imports field not imported from:
‘Matrix’ ‘arules’ ‘pmml’ ‘rJava’
All declared Imports should be used.
Flavors: r-devel-linux-x86_64-fedora-clang, r-devel-linux-x86_64-fedora-gcc, r-release-macos-x86_64, r-oldrel-macos-x86_64