CRAN Package Check Results for Package RKEELjars

Last updated on 2023-06-07 06:57:57 CEST.

Flavor Version Tinstall Tcheck Ttotal Status Flags
r-devel-linux-x86_64-debian-clang 1.0.20 2.68 21.75 24.43 OK
r-devel-linux-x86_64-debian-gcc 1.0.20 2.37 17.35 19.72 OK
r-devel-linux-x86_64-fedora-clang 1.0.20 32.52 NOTE
r-devel-linux-x86_64-fedora-gcc 1.0.20 30.34 OK
r-devel-windows-x86_64 1.0.20 8.00 42.00 50.00 NOTE
r-patched-linux-x86_64 1.0.20 2.71 20.85 23.56 OK
r-release-linux-x86_64 1.0.20 2.63 21.33 23.96 OK
r-release-macos-arm64 1.0.20 20.00 NOTE
r-release-macos-x86_64 1.0.20 21.00 NOTE
r-release-windows-x86_64 1.0.20 7.00 41.00 48.00 NOTE
r-oldrel-macos-arm64 1.0.20 20.00 NOTE
r-oldrel-macos-x86_64 1.0.20 27.00 NOTE
r-oldrel-windows-x86_64 1.0.20 7.00 42.00 49.00 NOTE

Check Details

Version: 1.0.20
Check: installed package size
Result: NOTE
     installed size is 23.9Mb
     sub-directories of 1Mb or more:
     exe 23.8Mb
Flavors: r-devel-linux-x86_64-fedora-clang, r-devel-windows-x86_64, r-release-macos-arm64, r-release-macos-x86_64, r-release-windows-x86_64, r-oldrel-macos-arm64, r-oldrel-macos-x86_64, r-oldrel-windows-x86_64