CRAN Package Check Results for Package RMTstat

Last updated on 2021-07-24 01:50:14 CEST.

Flavor Version Tinstall Tcheck Ttotal Status Flags
r-devel-linux-x86_64-debian-clang 0.3 2.39 24.46 26.85 NOTE
r-devel-linux-x86_64-debian-gcc 0.3 1.81 18.76 20.57 NOTE
r-devel-linux-x86_64-fedora-clang 0.3 40.58 NOTE
r-devel-linux-x86_64-fedora-gcc 0.3 30.66 NOTE
r-devel-windows-x86_64 0.3 9.00 28.00 37.00 NOTE
r-devel-windows-x86_64-gcc10-UCRT 0.3 NOTE
r-patched-linux-x86_64 0.3 2.37 23.32 25.69 NOTE
r-patched-solaris-x86 0.3 47.70 NOTE
r-release-linux-x86_64 0.3 2.06 23.44 25.50 NOTE
r-release-macos-arm64 0.3 NOTE
r-release-macos-x86_64 0.3 NOTE
r-release-windows-ix86+x86_64 0.3 4.00 26.00 30.00 NOTE
r-oldrel-macos-x86_64 0.3 NOTE
r-oldrel-windows-ix86+x86_64 0.3 4.00 33.00 37.00 NOTE

Check Details

Version: 0.3
Check: R code for possible problems
Result: NOTE
    dWishartSpike: no visible global function definition for 'dnorm'
    pWishartSpike: no visible global function definition for 'pnorm'
    qWishartSpike: no visible global function definition for 'qnorm'
    rWishartSpike: no visible global function definition for 'qnorm'
    rmp: no visible global function definition for 'runif'
    rtw: no visible global function definition for 'runif'
    Undefined global functions or variables:
     dnorm pnorm qnorm runif
    Consider adding
     importFrom("stats", "dnorm", "pnorm", "qnorm", "runif")
    to your NAMESPACE file.
Flavors: r-devel-linux-x86_64-debian-clang, r-devel-linux-x86_64-debian-gcc, r-devel-linux-x86_64-fedora-clang, r-devel-linux-x86_64-fedora-gcc, r-devel-windows-x86_64, r-devel-windows-x86_64-gcc10-UCRT, r-patched-linux-x86_64, r-patched-solaris-x86, r-release-linux-x86_64, r-release-macos-arm64, r-release-macos-x86_64, r-release-windows-ix86+x86_64, r-oldrel-macos-x86_64, r-oldrel-windows-ix86+x86_64