CRAN Package Check Results for Package RMariaDB

Last updated on 2022-12-08 01:52:22 CET.

Flavor Version Tinstall Tcheck Ttotal Status Flags
r-devel-linux-x86_64-debian-clang 1.2.2 121.62 56.50 178.12 OK
r-devel-linux-x86_64-debian-gcc 1.2.2 91.61 44.23 135.84 OK
r-devel-linux-x86_64-fedora-clang 1.2.2 282.98 OK
r-devel-linux-x86_64-fedora-gcc 1.2.2 234.84 OK
r-devel-windows-x86_64 1.2.2 306.00 197.00 503.00 OK
r-patched-linux-x86_64 1.2.2 97.23 53.19 150.42 OK
r-release-linux-x86_64 1.2.2 85.91 54.71 140.62 OK
r-release-macos-arm64 1.2.2 50.00 NOTE
r-release-macos-x86_64 1.2.2 79.00 NOTE
r-release-windows-x86_64 1.2.2 233.00 204.00 437.00 OK
r-oldrel-macos-arm64 1.2.2 52.00 NOTE
r-oldrel-macos-x86_64 1.2.2 83.00 NOTE
r-oldrel-windows-ix86+x86_64 1.2.2 545.00 233.00 778.00 NOTE

Check Details

Version: 1.2.2
Check: installed package size
Result: NOTE
     installed size is 6.1Mb
     sub-directories of 1Mb or more:
     libs 5.7Mb
Flavors: r-release-macos-arm64, r-release-macos-x86_64, r-oldrel-macos-arm64, r-oldrel-macos-x86_64, r-oldrel-windows-ix86+x86_64