CRAN Package Check Results for Package RNCEP

Last updated on 2020-03-30 02:48:42 CEST.

Flavor Version Tinstall Tcheck Ttotal Status Flags
r-devel-linux-x86_64-debian-clang 1.0.9 OK
r-devel-linux-x86_64-debian-gcc 1.0.9 12.83 60.01 72.84 OK
r-devel-linux-x86_64-fedora-clang 1.0.9 115.07 OK
r-devel-linux-x86_64-fedora-gcc 1.0.9 112.52 OK
r-devel-windows-ix86+x86_64 1.0.9 23.00 72.00 95.00 OK
r-devel-windows-ix86+x86_64-gcc8 1.0.9 23.00 81.00 104.00 OK
r-patched-linux-x86_64 1.0.9 17.44 76.63 94.07 OK
r-patched-solaris-x86 1.0.9 156.40 OK --no-examples
r-release-linux-x86_64 1.0.9 15.59 71.21 86.80 OK
r-release-windows-ix86+x86_64 1.0.9 26.00 100.00 126.00 OK
r-release-osx-x86_64 1.0.9 WARN
r-oldrel-windows-ix86+x86_64 1.0.9 19.00 103.00 122.00 OK
r-oldrel-osx-x86_64 1.0.9 WARN

Check Details

Version: 1.0.9
Check: dependencies in R code
Result: NOTE
    No protocol specified
    No protocol specified
Flavors: r-release-osx-x86_64, r-oldrel-osx-x86_64

Version: 1.0.9
Check: S3 generic/method consistency
Result: WARN
    No protocol specified
    No protocol specified
    See section ‘Generic functions and methods’ in the ‘Writing R
    Extensions’ manual.
Flavors: r-release-osx-x86_64, r-oldrel-osx-x86_64

Version: 1.0.9
Check: replacement functions
Result: WARN
    No protocol specified
    No protocol specified
    The argument of a replacement function which corresponds to the right
    hand side must be named ‘value’.
Flavors: r-release-osx-x86_64, r-oldrel-osx-x86_64

Version: 1.0.9
Check: foreign function calls
Result: NOTE
    No protocol specified
    No protocol specified
    See chapter ‘System and foreign language interfaces’ in the ‘Writing R
    Extensions’ manual.
Flavors: r-release-osx-x86_64, r-oldrel-osx-x86_64

Version: 1.0.9
Check: R code for possible problems
Result: NOTE
    No protocol specified
    No protocol specified
Flavors: r-release-osx-x86_64, r-oldrel-osx-x86_64

Version: 1.0.9
Check: for missing documentation entries
Result: WARN
    No protocol specified
    No protocol specified
    All user-level objects in a package should have documentation entries.
    See chapter ‘Writing R documentation files’ in the ‘Writing R
    Extensions’ manual.
Flavors: r-release-osx-x86_64, r-oldrel-osx-x86_64

Version: 1.0.9
Check: for code/documentation mismatches
Result: WARN
    No protocol specified
    No protocol specified
    No protocol specified
    No protocol specified
    No protocol specified
    No protocol specified
Flavors: r-release-osx-x86_64, r-oldrel-osx-x86_64

Version: 1.0.9
Check: Rd \usage sections
Result: NOTE
    No protocol specified
    No protocol specified
    The \usage entries for S3 methods should use the \method markup and not
    their full name.
    See chapter ‘Writing R documentation files’ in the ‘Writing R
    Extensions’ manual.
Flavors: r-release-osx-x86_64, r-oldrel-osx-x86_64