CRAN Package Check Results for Package RNewsflow

Last updated on 2024-02-21 07:52:39 CET.

Flavor Version Tinstall Tcheck Ttotal Status Flags
r-devel-linux-x86_64-debian-clang 1.2.7 NOTE
r-devel-linux-x86_64-debian-gcc 1.2.7 83.42 85.82 169.24 NOTE
r-devel-linux-x86_64-fedora-clang 1.2.7 324.04 OK
r-devel-linux-x86_64-fedora-gcc 1.2.7 324.52 OK
r-devel-windows-x86_64 1.2.7 79.00 119.00 198.00 OK
r-patched-linux-x86_64 1.2.7 105.22 112.46 217.68 OK
r-release-linux-x86_64 1.2.7 96.95 109.67 206.62 OK
r-release-macos-arm64 1.2.7 76.00 OK
r-release-macos-x86_64 1.2.7 192.00 OK
r-release-windows-x86_64 1.2.7 103.00 145.00 248.00 OK
r-oldrel-macos-arm64 1.2.7 85.00 OK
r-oldrel-windows-x86_64 1.2.7 93.00 149.00 242.00 OK

Check Details

Version: 1.2.7
Check: Rd files
Result: NOTE checkRd: (-1) term_day_dist.Rd:19: Lost braces in \itemize; \value handles \item{}{} directly checkRd: (-1) term_day_dist.Rd:20: Lost braces in \itemize; \value handles \item{}{} directly checkRd: (-1) term_day_dist.Rd:21: Lost braces in \itemize; \value handles \item{}{} directly checkRd: (-1) term_day_dist.Rd:22: Lost braces in \itemize; \value handles \item{}{} directly checkRd: (-1) term_day_dist.Rd:23: Lost braces in \itemize; \value handles \item{}{} directly checkRd: (-1) term_day_dist.Rd:24: Lost braces in \itemize; \value handles \item{}{} directly Flavors: r-devel-linux-x86_64-debian-clang, r-devel-linux-x86_64-debian-gcc