Last updated on 2023-02-05 01:54:31 CET.
Flavor | Version | Tinstall | Tcheck | Ttotal | Status | Flags |
---|---|---|---|---|---|---|
r-devel-linux-x86_64-debian-clang | 1.2.6 | 94.25 | 132.26 | 226.51 | NOTE | |
r-devel-linux-x86_64-debian-gcc | 1.2.6 | 72.98 | 96.77 | 169.75 | NOTE | |
r-devel-linux-x86_64-fedora-clang | 1.2.6 | 306.73 | NOTE | |||
r-devel-linux-x86_64-fedora-gcc | 1.2.6 | 287.75 | NOTE | |||
r-devel-windows-x86_64 | 1.2.6 | 144.00 | 185.00 | 329.00 | NOTE | |
r-patched-linux-x86_64 | 1.2.6 | 78.35 | 122.75 | 201.10 | OK | |
r-release-linux-x86_64 | 1.2.6 | 77.51 | 123.22 | 200.73 | OK | |
r-release-macos-arm64 | 1.2.6 | 72.00 | OK | |||
r-release-macos-x86_64 | 1.2.6 | 95.00 | OK | |||
r-release-windows-x86_64 | 1.2.6 | 90.00 | 183.00 | 273.00 | OK | |
r-oldrel-macos-arm64 | 1.2.6 | 84.00 | OK | |||
r-oldrel-macos-x86_64 | 1.2.6 | 135.00 | OK | |||
r-oldrel-windows-ix86+x86_64 | 1.2.6 | 225.00 | 218.00 | 443.00 | OK |
Version: 1.2.6
Check: C++ specification
Result: NOTE
Specified C++11: please update to current default of C++17
Flavors: r-devel-linux-x86_64-debian-clang, r-devel-linux-x86_64-debian-gcc, r-devel-linux-x86_64-fedora-clang, r-devel-linux-x86_64-fedora-gcc, r-devel-windows-x86_64