CRAN Package Check Results for Package ROpenFIGI

Last updated on 2022-07-02 01:49:06 CEST.

Flavor Version Tinstall Tcheck Ttotal Status Flags
r-devel-linux-x86_64-debian-clang 0.2.8 1.61 26.54 28.15 NOTE
r-devel-linux-x86_64-debian-gcc 0.2.8 1.71 20.73 22.44 NOTE
r-devel-linux-x86_64-fedora-clang 0.2.8 45.44 NOTE
r-devel-linux-x86_64-fedora-gcc 0.2.8 46.67 NOTE
r-devel-windows-x86_64 0.2.8 10.00 51.00 61.00 NOTE
r-patched-linux-x86_64 0.2.8 2.24 25.73 27.97 NOTE
r-release-linux-x86_64 0.2.8 1.64 25.45 27.09 NOTE
r-release-macos-arm64 0.2.8 18.00 NOTE
r-release-macos-x86_64 0.2.8 23.00 NOTE
r-release-windows-x86_64 0.2.8 13.00 52.00 65.00 NOTE
r-oldrel-macos-arm64 0.2.8 24.00 NOTE
r-oldrel-macos-x86_64 0.2.8 27.00 NOTE
r-oldrel-windows-ix86+x86_64 0.2.8 5.00 46.00 51.00 NOTE

Check Details

Version: 0.2.8
Check: LazyData
Result: NOTE
     'LazyData' is specified without a 'data' directory
Flavors: r-devel-linux-x86_64-debian-clang, r-devel-linux-x86_64-debian-gcc, r-devel-linux-x86_64-fedora-clang, r-devel-linux-x86_64-fedora-gcc, r-devel-windows-x86_64, r-patched-linux-x86_64, r-release-linux-x86_64, r-release-macos-arm64, r-release-macos-x86_64, r-release-windows-x86_64, r-oldrel-macos-arm64, r-oldrel-macos-x86_64, r-oldrel-windows-ix86+x86_64