Last updated on 2023-06-05 07:53:04 CEST.
Flavor | Version | Tinstall | Tcheck | Ttotal | Status | Flags |
---|---|---|---|---|---|---|
r-devel-linux-x86_64-debian-clang | 0.2.8 | 2.02 | 25.74 | 27.76 | NOTE | |
r-devel-linux-x86_64-debian-gcc | 0.2.8 | 1.75 | 20.41 | 22.16 | NOTE | |
r-devel-linux-x86_64-fedora-clang | 0.2.8 | 35.55 | NOTE | |||
r-devel-linux-x86_64-fedora-gcc | 0.2.8 | 33.03 | NOTE | |||
r-devel-windows-x86_64 | 0.2.8 | 3.00 | 43.00 | 46.00 | NOTE | |
r-patched-linux-x86_64 | 0.2.8 | 2.08 | 25.28 | 27.36 | NOTE | |
r-release-linux-x86_64 | 0.2.8 | 2.01 | 25.18 | 27.19 | NOTE | |
r-release-macos-arm64 | 0.2.8 | 17.00 | NOTE | |||
r-release-macos-x86_64 | 0.2.8 | 25.00 | NOTE | |||
r-release-windows-x86_64 | 0.2.8 | 3.00 | 43.00 | 46.00 | NOTE | |
r-oldrel-macos-arm64 | 0.2.8 | 18.00 | NOTE | |||
r-oldrel-macos-x86_64 | 0.2.8 | 23.00 | NOTE | |||
r-oldrel-windows-x86_64 | 0.2.8 | 3.00 | 45.00 | 48.00 | NOTE |
Version: 0.2.8
Check: LazyData
Result: NOTE
'LazyData' is specified without a 'data' directory
Flavors: r-devel-linux-x86_64-debian-clang, r-devel-linux-x86_64-debian-gcc, r-devel-linux-x86_64-fedora-clang, r-devel-linux-x86_64-fedora-gcc, r-devel-windows-x86_64, r-patched-linux-x86_64, r-release-linux-x86_64, r-release-macos-arm64, r-release-macos-x86_64, r-release-windows-x86_64, r-oldrel-macos-arm64, r-oldrel-macos-x86_64, r-oldrel-windows-x86_64