Last updated on 2021-01-23 00:48:49 CET.
Flavor | Version | Tinstall | Tcheck | Ttotal | Status | Flags |
---|---|---|---|---|---|---|
r-devel-linux-x86_64-debian-clang | 1.1.0 | 2.72 | 42.89 | 45.61 | OK | |
r-devel-linux-x86_64-debian-gcc | 1.1.0 | 2.55 | 32.88 | 35.43 | OK | |
r-devel-linux-x86_64-fedora-clang | 1.1.0 | 65.30 | NOTE | |||
r-devel-linux-x86_64-fedora-gcc | 1.1.0 | 54.87 | NOTE | |||
r-devel-windows-ix86+x86_64 | 1.1.0 | 7.00 | 59.00 | 66.00 | OK | |
r-patched-linux-x86_64 | 1.1.0 | 3.02 | 41.46 | 44.48 | OK | |
r-patched-solaris-x86 | 1.1.0 | 79.30 | NOTE | |||
r-release-linux-x86_64 | 1.1.0 | 3.42 | 41.41 | 44.83 | OK | |
r-release-macos-x86_64 | 1.1.0 | NOTE | ||||
r-release-windows-ix86+x86_64 | 1.1.0 | 16.00 | 65.00 | 81.00 | OK | |
r-oldrel-macos-x86_64 | 1.1.0 | NOTE | ||||
r-oldrel-windows-ix86+x86_64 | 1.1.0 | 4.00 | 42.00 | 46.00 | OK |
Version: 1.1.0
Check: dependencies in R code
Result: NOTE
Namespace in Imports field not imported from: ‘sandwich’
All declared Imports should be used.
Flavors: r-devel-linux-x86_64-fedora-clang, r-devel-linux-x86_64-fedora-gcc, r-patched-solaris-x86, r-release-macos-x86_64, r-oldrel-macos-x86_64