CRAN Package Check Results for Package RPPASPACE

Last updated on 2022-11-27 00:55:53 CET.

Flavor Version Tinstall Tcheck Ttotal Status Flags
r-devel-linux-x86_64-debian-clang 1.0.8 17.40 138.14 155.54 OK
r-devel-linux-x86_64-debian-gcc 1.0.8 14.34 102.75 117.09 OK
r-devel-linux-x86_64-fedora-clang 1.0.8 203.14 NOTE
r-devel-linux-x86_64-fedora-gcc 1.0.8 196.39 NOTE
r-devel-windows-x86_64 1.0.8 87.00 175.00 262.00 OK
r-patched-linux-x86_64 1.0.8 OK
r-release-linux-x86_64 1.0.8 15.69 130.25 145.94 OK
r-release-macos-arm64 1.0.8 67.00 NOTE
r-release-macos-x86_64 1.0.8 72.00 NOTE
r-release-windows-x86_64 1.0.8 75.00 170.00 245.00 OK
r-oldrel-macos-arm64 1.0.8 70.00 NOTE
r-oldrel-macos-x86_64 1.0.8 65.00 NOTE
r-oldrel-windows-ix86+x86_64 1.0.8 36.00 158.00 194.00 OK

Check Details

Version: 1.0.8
Check: dependencies in R code
Result: NOTE
    Namespaces in Imports field not imported from:
     ‘SparseM’ ‘nlme’ ‘timeDate’
     All declared Imports should be used.
Flavors: r-devel-linux-x86_64-fedora-clang, r-devel-linux-x86_64-fedora-gcc, r-release-macos-arm64, r-release-macos-x86_64, r-oldrel-macos-arm64, r-oldrel-macos-x86_64