CRAN Package Check Results for Package RPPanalyzer

Last updated on 2021-04-12 02:47:54 CEST.

Flavor Version Tinstall Tcheck Ttotal Status Flags
r-devel-linux-x86_64-debian-clang 1.4.7 20.90 162.44 183.34 OK
r-devel-linux-x86_64-debian-gcc 1.4.7 15.63 119.93 135.56 OK
r-devel-linux-x86_64-fedora-clang 1.4.7 223.65 NOTE
r-devel-linux-x86_64-fedora-gcc 1.4.7 202.44 OK
r-devel-windows-ix86+x86_64 1.4.7 44.00 193.00 237.00 NOTE
r-devel-windows-x86_64-gcc10-UCRT 1.4.7 OK
r-patched-linux-x86_64 1.4.7 17.00 147.44 164.44 OK
r-patched-solaris-x86 1.4.7 298.80 NOTE
r-release-linux-x86_64 1.4.7 18.02 147.48 165.50 OK
r-release-macos-x86_64 1.4.7 NOTE
r-release-windows-ix86+x86_64 1.4.7 45.00 200.00 245.00 NOTE
r-oldrel-macos-x86_64 1.4.7 NOTE
r-oldrel-windows-ix86+x86_64 1.4.7 26.00 135.00 161.00 NOTE

Check Details

Version: 1.4.7
Check: installed package size
Result: NOTE
     installed size is 5.4Mb
     sub-directories of 1Mb or more:
     extdata 4.5Mb
Flavors: r-devel-linux-x86_64-fedora-clang, r-devel-windows-ix86+x86_64, r-patched-solaris-x86, r-release-macos-x86_64, r-release-windows-ix86+x86_64, r-oldrel-macos-x86_64, r-oldrel-windows-ix86+x86_64