CRAN Package Check Results for Package RPPanalyzer

Last updated on 2021-01-21 00:47:18 CET.

Flavor Version Tinstall Tcheck Ttotal Status Flags
r-devel-linux-x86_64-debian-clang 1.4.7 21.98 158.93 180.91 OK
r-devel-linux-x86_64-debian-gcc 1.4.7 15.16 119.47 134.63 OK
r-devel-linux-x86_64-fedora-clang 1.4.7 220.44 NOTE
r-devel-linux-x86_64-fedora-gcc 1.4.7 207.03 OK
r-devel-windows-ix86+x86_64 1.4.7 30.00 154.00 184.00 NOTE
r-patched-linux-x86_64 1.4.7 12.80 145.41 158.21 OK
r-patched-solaris-x86 1.4.7 285.50 NOTE
r-release-linux-x86_64 1.4.7 18.09 145.39 163.48 OK
r-release-macos-x86_64 1.4.7 NOTE
r-release-windows-ix86+x86_64 1.4.7 44.00 199.00 243.00 NOTE
r-oldrel-macos-x86_64 1.4.7 NOTE
r-oldrel-windows-ix86+x86_64 1.4.7 25.00 130.00 155.00 NOTE

Check Details

Version: 1.4.7
Check: installed package size
Result: NOTE
     installed size is 5.4Mb
     sub-directories of 1Mb or more:
     extdata 4.5Mb
Flavors: r-devel-linux-x86_64-fedora-clang, r-devel-windows-ix86+x86_64, r-patched-solaris-x86, r-release-macos-x86_64, r-release-windows-ix86+x86_64, r-oldrel-macos-x86_64, r-oldrel-windows-ix86+x86_64