Last updated on 2023-09-25 08:02:37 CEST.
Flavor | Version | Tinstall | Tcheck | Ttotal | Status | Flags |
---|---|---|---|---|---|---|
r-devel-linux-x86_64-debian-clang | 1.4.8 | 21.27 | 173.06 | 194.33 | OK | |
r-devel-linux-x86_64-debian-gcc | 1.4.8 | 15.74 | 128.78 | 144.52 | OK | |
r-devel-linux-x86_64-fedora-clang | 1.4.8 | 234.96 | NOTE | |||
r-devel-linux-x86_64-fedora-gcc | 1.4.8 | 255.17 | OK | |||
r-devel-windows-x86_64 | 1.4.8 | 19.00 | 158.00 | 177.00 | NOTE | |
r-patched-linux-x86_64 | 1.4.8 | 22.81 | 162.65 | 185.46 | OK | |
r-release-linux-x86_64 | 1.4.8 | 17.85 | 163.12 | 180.97 | OK | |
r-release-macos-arm64 | 1.4.8 | 71.00 | NOTE | |||
r-release-macos-x86_64 | 1.4.8 | 177.00 | NOTE | |||
r-release-windows-x86_64 | 1.4.8 | 25.00 | 179.00 | 204.00 | NOTE | |
r-oldrel-macos-arm64 | 1.4.8 | 69.00 | NOTE | |||
r-oldrel-macos-x86_64 | 1.4.8 | 96.00 | NOTE | |||
r-oldrel-windows-x86_64 | 1.4.8 | 26.00 | 181.00 | 207.00 | NOTE |
Version: 1.4.8
Check: installed package size
Result: NOTE
installed size is 5.4Mb
sub-directories of 1Mb or more:
extdata 4.6Mb
Flavors: r-devel-linux-x86_64-fedora-clang, r-devel-windows-x86_64, r-release-macos-arm64, r-release-macos-x86_64, r-release-windows-x86_64, r-oldrel-macos-arm64, r-oldrel-macos-x86_64, r-oldrel-windows-x86_64