CRAN Package Check Results for Package RPostgres

Last updated on 2021-05-07 01:48:54 CEST.

Flavor Version Tinstall Tcheck Ttotal Status Flags
r-devel-linux-x86_64-debian-clang 1.3.2 182.56 54.14 236.70 OK
r-devel-linux-x86_64-debian-gcc 1.3.2 103.52 42.11 145.63 OK
r-devel-linux-x86_64-fedora-clang 1.3.2 331.25 OK
r-devel-linux-x86_64-fedora-gcc 1.3.2 266.21 OK
r-devel-windows-ix86+x86_64 1.3.2 554.00 149.00 703.00 NOTE
r-devel-windows-x86_64-gcc10-UCRT 1.3.2 OK
r-patched-linux-x86_64 1.3.2 129.59 51.95 181.54 OK
r-patched-solaris-x86 1.3.2 271.00 OK
r-release-linux-x86_64 1.3.2 121.00 52.67 173.67 OK
r-release-macos-x86_64 1.3.2 NOTE
r-release-windows-ix86+x86_64 1.3.2 535.00 127.00 662.00 NOTE
r-oldrel-macos-x86_64 1.3.2 NOTE
r-oldrel-windows-ix86+x86_64 1.3.2 710.00 147.00 857.00 NOTE

Check Details

Version: 1.3.2
Check: installed package size
Result: NOTE
     installed size is 8.7Mb
     sub-directories of 1Mb or more:
     libs 8.3Mb
Flavors: r-devel-windows-ix86+x86_64, r-release-macos-x86_64, r-release-windows-ix86+x86_64, r-oldrel-macos-x86_64, r-oldrel-windows-ix86+x86_64