CRAN Package Check Results for Package RPostgres

Last updated on 2020-05-31 01:48:52 CEST.

Flavor Version Tinstall Tcheck Ttotal Status Flags
r-devel-linux-x86_64-debian-clang 1.2.0 150.73 40.62 191.35 OK
r-devel-linux-x86_64-debian-gcc 1.2.0 112.50 32.24 144.74 OK
r-devel-linux-x86_64-fedora-clang 1.2.0 293.36 OK
r-devel-linux-x86_64-fedora-gcc 1.2.0 237.37 OK
r-devel-windows-ix86+x86_64 1.2.0 831.00 117.00 948.00 NOTE
r-patched-linux-x86_64 1.2.0 114.72 41.14 155.86 OK
r-patched-solaris-x86 1.2.0 4.60 ERROR
r-release-linux-x86_64 1.2.0 110.27 40.71 150.98 OK
r-release-osx-x86_64 1.2.0 NOTE
r-release-windows-ix86+x86_64 1.2.0 628.00 149.00 777.00 NOTE
r-oldrel-osx-x86_64 1.2.0 NOTE
r-oldrel-windows-ix86+x86_64 1.2.0 590.00 115.00 705.00 NOTE

Check Details

Version: 1.2.0
Check: installed package size
Result: NOTE
     installed size is 8.8Mb
     sub-directories of 1Mb or more:
     libs 8.4Mb
Flavors: r-devel-windows-ix86+x86_64, r-release-osx-x86_64, r-release-windows-ix86+x86_64, r-oldrel-osx-x86_64, r-oldrel-windows-ix86+x86_64

Version: 1.2.0
Check: whether package can be installed
Result: ERROR
    Installation failed.
Flavor: r-patched-solaris-x86