CRAN Package Check Results for Package RProtoBuf

Last updated on 2019-12-09 01:49:14 CET.

Flavor Version Tinstall Tcheck Ttotal Status Flags
r-devel-linux-x86_64-debian-clang 0.4.14 257.83 132.66 390.49 OK
r-devel-linux-x86_64-debian-gcc 0.4.14 167.99 102.19 270.18 OK
r-devel-linux-x86_64-fedora-clang 0.4.14 546.63 NOTE
r-devel-linux-x86_64-fedora-gcc 0.4.14 532.64 OK
r-devel-windows-ix86+x86_64 0.4.14 510.00 220.00 730.00 NOTE
r-devel-windows-ix86+x86_64-gcc8 0.4.14 521.00 191.00 712.00 NOTE
r-patched-linux-x86_64 0.4.14 199.32 122.01 321.33 OK
r-release-linux-x86_64 0.4.14 198.15 122.09 320.24 OK
r-release-windows-ix86+x86_64 0.4.14 703.00 217.00 920.00 NOTE
r-release-osx-x86_64 0.4.14 NOTE
r-oldrel-windows-ix86+x86_64 0.4.14 503.00 182.00 685.00 NOTE
r-oldrel-osx-x86_64 0.4.14 NOTE

Check Details

Version: 0.4.14
Check: installed package size
Result: NOTE
     installed size is 10.7Mb
     sub-directories of 1Mb or more:
     doc 1.1Mb
     libs 8.6Mb
Flavors: r-devel-linux-x86_64-fedora-clang, r-devel-windows-ix86+x86_64, r-devel-windows-ix86+x86_64-gcc8, r-release-windows-ix86+x86_64, r-release-osx-x86_64, r-oldrel-windows-ix86+x86_64, r-oldrel-osx-x86_64