CRAN Package Check Results for Package RProtoBuf

Last updated on 2020-07-14 02:07:09 CEST.

Flavor Version Tinstall Tcheck Ttotal Status Flags
r-devel-linux-x86_64-debian-clang 0.4.17 286.35 68.19 354.54 OK
r-devel-linux-x86_64-debian-gcc 0.4.17 214.00 50.73 264.73 OK
r-devel-linux-x86_64-fedora-clang 0.4.17 514.46 NOTE
r-devel-linux-x86_64-fedora-gcc 0.4.17 479.70 OK
r-devel-windows-ix86+x86_64 0.4.17 705.00 152.00 857.00 NOTE
r-patched-linux-x86_64 0.4.17 226.17 64.66 290.83 OK
r-release-linux-x86_64 0.4.17 223.34 64.66 288.00 OK
r-release-macos-x86_64 0.4.17 ERROR
r-release-windows-ix86+x86_64 0.4.17 691.00 133.00 824.00 NOTE
r-oldrel-macos-x86_64 0.4.17 NOTE
r-oldrel-windows-ix86+x86_64 0.4.17 544.00 184.00 728.00 NOTE

Check Details

Version: 0.4.17
Check: installed package size
Result: NOTE
     installed size is 13.1Mb
     sub-directories of 1Mb or more:
     libs 11.2Mb
Flavors: r-devel-linux-x86_64-fedora-clang, r-devel-windows-ix86+x86_64, r-release-windows-ix86+x86_64, r-oldrel-macos-x86_64, r-oldrel-windows-ix86+x86_64

Version: 0.4.17
Check: whether package can be installed
Result: ERROR
    Installation failed.
Flavor: r-release-macos-x86_64