CRAN Package Check Results for Package RProtoBuf

Last updated on 2020-09-19 00:50:16 CEST.

Flavor Version Tinstall Tcheck Ttotal Status Flags
r-devel-linux-x86_64-debian-clang 0.4.17 289.79 68.95 358.74 OK
r-devel-linux-x86_64-debian-gcc 0.4.17 220.25 51.04 271.29 OK
r-devel-linux-x86_64-fedora-clang 0.4.17 519.98 NOTE
r-devel-linux-x86_64-fedora-gcc 0.4.17 478.99 OK
r-devel-windows-ix86+x86_64 0.4.17 622.00 136.00 758.00 NOTE
r-patched-linux-x86_64 0.4.17 221.93 64.89 286.82 OK
r-release-linux-x86_64 0.4.17 224.24 64.63 288.87 OK
r-release-macos-x86_64 0.4.17 NOTE
r-release-windows-ix86+x86_64 0.4.17 664.00 142.00 806.00 NOTE
r-oldrel-macos-x86_64 0.4.17 NOTE
r-oldrel-windows-ix86+x86_64 0.4.17 489.00 208.00 697.00 NOTE

Check Details

Version: 0.4.17
Check: installed package size
Result: NOTE
     installed size is 13.1Mb
     sub-directories of 1Mb or more:
     libs 11.2Mb
Flavors: r-devel-linux-x86_64-fedora-clang, r-devel-windows-ix86+x86_64, r-release-macos-x86_64, r-release-windows-ix86+x86_64, r-oldrel-macos-x86_64, r-oldrel-windows-ix86+x86_64