CRAN Package Check Results for Package RRedshiftSQL

Last updated on 2024-03-03 08:52:44 CET.

Flavor Version Tinstall Tcheck Ttotal Status Flags
r-devel-linux-x86_64-debian-clang 0.1.2 3.49 30.25 33.74 NOTE
r-devel-linux-x86_64-debian-gcc 0.1.2 2.94 23.30 26.24 NOTE
r-devel-linux-x86_64-fedora-clang 0.1.2 44.02 NOTE
r-devel-linux-x86_64-fedora-gcc 0.1.2 41.53 NOTE
r-devel-windows-x86_64 0.1.2 4.00 43.00 47.00 NOTE
r-patched-linux-x86_64 0.1.2 3.31 29.81 33.12 NOTE
r-release-linux-x86_64 0.1.2 3.13 29.75 32.88 NOTE
r-release-macos-arm64 0.1.2 21.00 NOTE
r-release-macos-x86_64 0.1.2 23.00 NOTE
r-release-windows-x86_64 0.1.2 4.00 42.00 46.00 NOTE
r-oldrel-macos-arm64 0.1.2 19.00 NOTE
r-oldrel-windows-x86_64 0.1.2 5.00 50.00 55.00 NOTE

Check Details

Version: 0.1.2
Check: LazyData
Result: NOTE 'LazyData' is specified without a 'data' directory Flavors: r-devel-linux-x86_64-debian-clang, r-devel-linux-x86_64-debian-gcc, r-devel-linux-x86_64-fedora-clang, r-devel-linux-x86_64-fedora-gcc, r-devel-windows-x86_64, r-patched-linux-x86_64, r-release-linux-x86_64, r-release-macos-arm64, r-release-macos-x86_64, r-release-windows-x86_64, r-oldrel-macos-arm64, r-oldrel-windows-x86_64