CRAN Package Check Results for Package RSAGA

Last updated on 2023-11-30 07:52:48 CET.

Flavor Version Tinstall Tcheck Ttotal Status Flags
r-devel-linux-x86_64-debian-clang 1.4.0 13.02 93.56 106.58 NOTE
r-devel-linux-x86_64-debian-gcc 1.4.0 8.66 71.66 80.32 NOTE
r-devel-linux-x86_64-fedora-clang 1.4.0 130.22 OK
r-devel-linux-x86_64-fedora-gcc 1.4.0 137.83 OK
r-devel-windows-x86_64 1.4.0 11.00 93.00 104.00 OK
r-patched-linux-x86_64 1.4.0 19.16 91.75 110.91 OK
r-release-linux-x86_64 1.4.0 11.50 91.46 102.96 OK
r-release-macos-arm64 1.4.0 47.00 OK
r-release-macos-x86_64 1.4.0 68.00 OK
r-release-windows-x86_64 1.4.0 16.00 113.00 129.00 OK
r-oldrel-macos-arm64 1.4.0 36.00 OK
r-oldrel-macos-x86_64 1.4.0 51.00 OK
r-oldrel-windows-x86_64 1.4.0 16.00 103.00 119.00 OK

Check Details

Version: 1.4.0
Check: Rd files
Result: NOTE checkRd: (-1) landslides.Rd:11-21: Lost braces in \enumerate; meant \describe ? checkRd: (-1) landslides.Rd:16: Lost braces in \itemize; meant \describe ? checkRd: (-1) landslides.Rd:17-18: Lost braces in \itemize; meant \describe ? checkRd: (-1) landslides.Rd:22-26: Lost braces 22 | \item \code{dem} {Digital elevation model given as a .Rd grid, i.e. a list | ^ checkRd: (-1) landslides.Rd:27-28: Lost braces 27 | \item \code{study_area} {An \code{sf}-object representing the outlines of | ^ checkRd: (-1) rsaga.get.modules.Rd:68: Lost braces in \itemize; \value handles \item{}{} directly checkRd: (-1) rsaga.get.modules.Rd:69: Lost braces in \itemize; \value handles \item{}{} directly checkRd: (-1) rsaga.get.modules.Rd:70: Lost braces in \itemize; \value handles \item{}{} directly Flavors: r-devel-linux-x86_64-debian-clang, r-devel-linux-x86_64-debian-gcc