Last updated on 2021-01-21 00:47:18 CET.
Flavor | Version | Tinstall | Tcheck | Ttotal | Status | Flags |
---|---|---|---|---|---|---|
r-devel-linux-x86_64-debian-clang | 3.0.4 | 19.66 | 222.62 | 242.28 | OK | |
r-devel-linux-x86_64-debian-gcc | 3.0.4 | 14.95 | 162.04 | 176.99 | OK | |
r-devel-linux-x86_64-fedora-clang | 3.0.4 | 330.73 | NOTE | |||
r-devel-linux-x86_64-fedora-gcc | 3.0.4 | 311.89 | NOTE | |||
r-devel-windows-ix86+x86_64 | 3.0.4 | 30.00 | 222.00 | 252.00 | OK | |
r-patched-linux-x86_64 | 3.0.4 | 17.04 | 203.79 | 220.83 | OK | |
r-patched-solaris-x86 | 3.0.4 | 423.80 | NOTE | |||
r-release-linux-x86_64 | 3.0.4 | 17.41 | 205.41 | 222.82 | OK | |
r-release-macos-x86_64 | 3.0.4 | NOTE | ||||
r-release-windows-ix86+x86_64 | 3.0.4 | 47.00 | 285.00 | 332.00 | OK | |
r-oldrel-macos-x86_64 | 3.0.4 | NOTE | ||||
r-oldrel-windows-ix86+x86_64 | 3.0.4 | 26.00 | 207.00 | 233.00 | OK |
Version: 3.0.4
Check: package dependencies
Result: NOTE
Imports includes 22 non-default packages.
Importing from so many packages makes the package vulnerable to any of
them becoming unavailable. Move as many as possible to Suggests and
use conditionally.
Flavor: r-devel-linux-x86_64-fedora-clang
Version: 3.0.4
Check: dependencies in R code
Result: NOTE
Namespace in Imports field not imported from: ‘labelled’
All declared Imports should be used.
Flavors: r-devel-linux-x86_64-fedora-clang, r-devel-linux-x86_64-fedora-gcc, r-patched-solaris-x86, r-release-macos-x86_64, r-oldrel-macos-x86_64