CRAN Package Check Results for Package RSQLite

Last updated on 2020-06-06 02:07:11 CEST.

Flavor Version Tinstall Tcheck Ttotal Status Flags
r-devel-linux-x86_64-debian-clang 2.2.0 274.65 58.52 333.17 OK
r-devel-linux-x86_64-debian-gcc 2.2.0 180.50 45.81 226.31 OK
r-devel-linux-x86_64-fedora-clang 2.2.0 469.32 NOTE
r-devel-linux-x86_64-fedora-gcc 2.2.0 356.71 OK
r-devel-windows-ix86+x86_64 2.2.0 630.00 152.00 782.00 NOTE
r-patched-linux-x86_64 2.2.0 176.26 58.81 235.07 OK
r-patched-solaris-x86 2.2.0 324.50 OK
r-release-linux-x86_64 2.2.0 182.22 59.63 241.85 OK
r-release-osx-x86_64 2.2.0 NOTE
r-release-windows-ix86+x86_64 2.2.0 546.00 162.00 708.00 NOTE
r-oldrel-osx-x86_64 2.2.0 NOTE
r-oldrel-windows-ix86+x86_64 2.2.0 561.00 155.00 716.00 OK

Check Details

Version: 2.2.0
Check: installed package size
Result: NOTE
     installed size is 14.7Mb
     sub-directories of 1Mb or more:
     libs 14.1Mb
Flavors: r-devel-linux-x86_64-fedora-clang, r-devel-windows-ix86+x86_64, r-release-osx-x86_64, r-release-windows-ix86+x86_64, r-oldrel-osx-x86_64